000
CDUS44 KLZK 240639
CLIHRO


CLIMATE REPORT
NATIONAL WEATHER SERVICE LITTLE ROCK AR
139 AM CDT TUE APR 24 2018


...................................

...THE HARRISON CLIMATE SUMMARY FOR APRIL 23 2018...

CLIMATE NORMAL PERIOD 1981 TO 2010
CLIMATE RECORD PERIOD 1891 TO 2018


WEATHER ITEM   OBSERVED TIME   RECORD YEAR NORMAL DEPARTURE LAST
                VALUE   (LST)  VALUE       VALUE  FROM      YEAR
                                                  NORMAL
..................................................................
TEMPERATURE (F)
 YESTERDAY
  MAXIMUM         69   1248 PM  90    1965  71     -2       70
                                      1926
  MINIMUM         50    339 AM  25    1951  49      1       43
  AVERAGE         60                        60      0       57

PRECIPITATION (IN)
  YESTERDAY        0.08          3.42 2011   0.16  -0.08     0.00
  MONTH TO DATE    2.70                      3.17  -0.47     5.21
  SINCE MAR 1      8.01                      6.96   1.05    10.85
  SINCE JAN 1     16.64                     12.16   4.48    14.43

SNOWFALL (IN)
  YESTERDAY        0.0          MM      MM   0.0    0.0      0.0
  MONTH TO DATE    0.1                       0.3   -0.2      0.0
  SINCE MAR 1      0.1                       2.3   -2.2      2.5
  SINCE JUL 1      2.2                      11.5   -9.3      3.4
  SNOW DEPTH       0

DEGREE DAYS
 HEATING
  YESTERDAY        5                         6     -1        8
  MONTH TO DATE  345                       204    141      108
  SINCE MAR 1    801                       712     89      476
  SINCE JUL 1   3761                      3884   -123     2882

 COOLING
  YESTERDAY        0                         1     -1        0
  MONTH TO DATE    9                        23    -14       34
  SINCE MAR 1      9                        29    -20       40
  SINCE JAN 1     14                        29    -15       47
..................................................................


WIND (MPH)
  HIGHEST WIND SPEED    20   HIGHEST WIND DIRECTION     N (350)
  HIGHEST GUST SPEED    30   HIGHEST GUST DIRECTION     N (20)
  AVERAGE WIND SPEED     9.2


SKY COVER
  POSSIBLE SUNSHINE  MM
  AVERAGE SKY COVER 0.8


WEATHER CONDITIONS
 THE FOLLOWING WEATHER WAS RECORDED YESTERDAY.
  LIGHT RAIN
  FOG


RELATIVE HUMIDITY (PERCENT)
 HIGHEST   100          1200 AM
 LOWEST     48           200 PM
 AVERAGE    74

..........................................................


THE HARRISON CLIMATE NORMALS FOR TODAY
                         NORMAL    RECORD    YEAR
 MAXIMUM TEMPERATURE (F)   71        89      1989
 MINIMUM TEMPERATURE (F)   50        27      1910


SUNRISE AND SUNSET
APRIL 24 2018.........SUNRISE   628 AM CDT   SUNSET   754 PM CDT
APRIL 25 2018.........SUNRISE   626 AM CDT   SUNSET   755 PM CDT


-  INDICATES NEGATIVE NUMBERS.
R  INDICATES RECORD WAS SET OR TIED.
MM INDICATES DATA IS MISSING.
T  INDICATES TRACE AMOUNT.




$$
