000
CDUS42 KMHX 240545
CLIHSE


CLIMATE REPORT
NATIONAL WEATHER SERVICE NEWPORT/MOREHEAD CITY NC
145 AM EDT THU MAY 24 2018


...................................

...THE CAPE HATTERAS NC CLIMATE SUMMARY FOR MAY 23 2018...

CLIMATE NORMAL PERIOD 1981 TO 2010
CLIMATE RECORD PERIOD 1874 TO 2018


WEATHER ITEM   OBSERVED TIME   RECORD YEAR NORMAL DEPARTURE LAST
                VALUE   (LST)  VALUE       VALUE  FROM      YEAR
                                                  NORMAL
..................................................................
TEMPERATURE (F)
 YESTERDAY
  MAXIMUM         81    109 PM  86    1975  76      5       78
  MINIMUM         67    913 PM  45    1968  62      5       71
  AVERAGE         74                        69      5       75

PRECIPITATION (IN)
  YESTERDAY        1.92          2.56 2003   0.11   1.81     0.50
  MONTH TO DATE    8.18                      2.66   5.52     5.57
  SINCE MAR 1     16.86                     11.07   5.79    18.88
  SINCE JAN 1     27.11                     20.33   6.78    25.19

SNOWFALL (IN)
  YESTERDAY        0.0
  MONTH TO DATE    0.0
  SINCE NOV 1      3.5
  SINCE JUL 1      3.5
  SNOW DEPTH       0

DEGREE DAYS
 HEATING
  YESTERDAY        0                         1     -1        0
  MONTH TO DATE    7                        44    -37        3
  SINCE MAR 1    676                       654     22      406
  SINCE JUL 1   2287                      2578   -291     1728

 COOLING
  YESTERDAY        9                         5      4       10
  MONTH TO DATE  155                        70     85      149
  SINCE MAR 1    187                        98     89      327
  SINCE JAN 1    197                        98     99      335
..................................................................


WIND (MPH)
  HIGHEST WIND SPEED    20   HIGHEST WIND DIRECTION    SW (230)
  HIGHEST GUST SPEED    27   HIGHEST GUST DIRECTION    SW (220)
  AVERAGE WIND SPEED    12.4


SKY COVER
  POSSIBLE SUNSHINE  MM
  AVERAGE SKY COVER 0.2


WEATHER CONDITIONS
 THE FOLLOWING WEATHER WAS RECORDED YESTERDAY.
  THUNDERSTORM
  HEAVY RAIN
  RAIN
  FOG


RELATIVE HUMIDITY (PERCENT)
 HIGHEST   100           500 AM
 LOWEST     79           900 AM
 AVERAGE    90

..........................................................


THE CAPE HATTERAS NC CLIMATE NORMALS FOR TODAY
                         NORMAL    RECORD    YEAR
 MAXIMUM TEMPERATURE (F)   76        87      1992
 MINIMUM TEMPERATURE (F)   63        47      2002
                                             1990


SUNRISE AND SUNSET
MAY 24 2018...........SUNRISE   553 AM EDT   SUNSET   806 PM EDT
MAY 25 2018...........SUNRISE   552 AM EDT   SUNSET   807 PM EDT


-  INDICATES NEGATIVE NUMBERS.
R  INDICATES RECORD WAS SET OR TIED.
MM INDICATES DATA IS MISSING.
T  INDICATES TRACE AMOUNT.




$$
