000
CDUS41 KRLX 262118
CLIHTS


CLIMATE REPORT
NATIONAL WEATHER SERVICE CHARLESTON WV
518 PM EDT THU APR 26 2018


...................................

...THE HUNTINGTON WV CLIMATE SUMMARY FOR APRIL 26 2018...
VALID TODAY AS OF 0500 PM LOCAL TIME.

CLIMATE NORMAL PERIOD 1981 TO 2010
CLIMATE RECORD PERIOD 1897 TO 2018


WEATHER ITEM   OBSERVED TIME   RECORD YEAR NORMAL DEPARTURE LAST
                VALUE   (LST)  VALUE       VALUE  FROM      YEAR
                                                  NORMAL
..................................................................
TEMPERATURE (F)
 TODAY
  MAXIMUM         65    359 PM  92    1957  71     -6       84
                                      1948
  MINIMUM         43    528 AM  32    1919  48     -5       51
                                      1898
  AVERAGE         54                        59     -5       68

PRECIPITATION (IN)
  TODAY            0.00          1.70 1914   0.12  -0.12     0.00
  MONTH TO DATE    2.98                      2.95   0.03     1.72
  SINCE MAR 1      6.33                      6.85  -0.52     5.80
  SINCE JAN 1     17.37                     12.89   4.48    12.60

DEGREE DAYS
 HEATING
  TODAY           11                         7      4        0
  MONTH TO DATE  375                       266    109      139
  SINCE MAR 1   1073                       862    211      691
  SINCE JUL 1   4323                      4363    -40     3340

 COOLING
  TODAY            0                         1     -1        3
  MONTH TO DATE   21                        25     -4       41
  SINCE MAR 1     21                        30     -9       43
  SINCE JAN 1     28                        30     -2       44
..................................................................


WIND (MPH)
  HIGHEST WIND SPEED     9   HIGHEST WIND DIRECTION     E (90)
  HIGHEST GUST SPEED    17   HIGHEST GUST DIRECTION    SE (140)
  AVERAGE WIND SPEED     2.2


SKY COVER
  POSSIBLE SUNSHINE  MM
  AVERAGE SKY COVER 0.8


WEATHER CONDITIONS
 THE FOLLOWING WEATHER WAS RECORDED TODAY.
  FOG
  FOG W/VISIBILITY <= 1/4 MILE


RELATIVE HUMIDITY (PERCENT)
 HIGHEST    96          1000 AM
 LOWEST     44           200 PM
 AVERAGE    70

..........................................................


THE HUNTINGTON WV CLIMATE NORMALS FOR TOMORROW
                         NORMAL    RECORD    YEAR
 MAXIMUM TEMPERATURE (F)   71        92      1915
 MINIMUM TEMPERATURE (F)   48        31      1926


SUNRISE AND SUNSET
APRIL 26 2018.........SUNRISE   640 AM EDT   SUNSET   817 PM EDT
APRIL 27 2018.........SUNRISE   638 AM EDT   SUNSET   818 PM EDT


-  INDICATES NEGATIVE NUMBERS.
R  INDICATES RECORD WAS SET OR TIED.
MM INDICATES DATA IS MISSING.
T  INDICATES TRACE AMOUNT.




$$
