455
CDUS43 KUNR 240833
CLIICR


CLIMATE REPORT
NATIONAL WEATHER SERVICE RAPID CITY SD
231 AM MDT TUE APR 24 2018


...................................

...THE WINNER REGIONAL AIRPORT SD CLIMATE SUMMARY FOR APRIL 23 2018...

CLIMATE NORMAL PERIOD 1981 TO 2010
CLIMATE RECORD PERIOD 9999 TO 9999


WEATHER ITEM   OBSERVED TIME   NORMAL DEPARTURE LAST
                VALUE   (LST)  VALUE  FROM      YEAR
                                      NORMAL
......................................................
TEMPERATURE (F)
 YESTERDAY
  MAXIMUM         71    506 PM  62      9       76
  MINIMUM         39    519 AM  39      0       44
  AVERAGE         55            50      5       60

PRECIPITATION (IN)
  YESTERDAY        0.01          0.09  -0.08     0.00
  MONTH TO DATE    0.60          1.74  -1.14     2.09
  SINCE MAR 1      2.32          3.12  -0.80     2.41
  SINCE JAN 1      3.35          3.88  -0.53     4.05

DEGREE DAYS
 HEATING
  YESTERDAY       10            15     -5        5
  MONTH TO DATE  664           426    238      297
  SINCE MAR 1   1550          1302    248     1031
  SINCE JUL 1   6450          6311    139     5183

 COOLING
  YESTERDAY        0             0      0        0
  MONTH TO DATE    0             0      0        2
  SINCE MAR 1      0             0      0        2
  SINCE JAN 1      0             0      0        2
......................................................


WIND (MPH)
  HIGHEST WIND SPEED    23   HIGHEST WIND DIRECTION     S (200)
  HIGHEST GUST SPEED    32   HIGHEST GUST DIRECTION     S (190)
  AVERAGE WIND SPEED    10.2


SKY COVER
  AVERAGE SKY COVER 0.3


WEATHER CONDITIONS
 THE FOLLOWING WEATHER WAS RECORDED YESTERDAY.
  LIGHT RAIN


RELATIVE HUMIDITY (PERCENT)
 HIGHEST    76           300 AM
 LOWEST     29           400 PM
 AVERAGE    53

..........................................................




SUNRISE AND SUNSET
APRIL 24 2018.........SUNRISE   643 AM CDT   SUNSET   833 PM CDT
APRIL 25 2018.........SUNRISE   641 AM CDT   SUNSET   834 PM CDT


-  INDICATES NEGATIVE NUMBERS.
R  INDICATES RECORD WAS SET OR TIED.
MM INDICATES DATA IS MISSING.
T  INDICATES TRACE AMOUNT.




$$
