335
CDUS41 KPHI 220552
CLIILG


CLIMATE REPORT
NATIONAL WEATHER SERVICE MOUNT HOLLY NJ
151 AM EDT SUN APR 22 2018


...................................

...THE WILMINGTON DE CLIMATE SUMMARY FOR APRIL 21 2018...

CLIMATE NORMAL PERIOD 1981 TO 2010
CLIMATE RECORD PERIOD 1894 TO 2018


WEATHER ITEM   OBSERVED TIME   RECORD YEAR NORMAL DEPARTURE LAST
                VALUE   (LST)  VALUE       VALUE  FROM      YEAR
                                                  NORMAL
..................................................................
TEMPERATURE (F)
 YESTERDAY
  MAXIMUM         61    319 PM  92    1985  66     -5       65
  MINIMUM         32    542 AM  28    1925  45    -13       54
  AVERAGE         47                        55     -8       60

PRECIPITATION (IN)
  YESTERDAY        0.00          1.55 1991   0.11  -0.11     0.07
  MONTH TO DATE    1.68                      2.49  -0.81     1.69
  SINCE MAR 1      6.33                      6.41  -0.08     6.67
  SINCE JAN 1     14.77                     12.10   2.67    10.69

SNOWFALL (IN)
  YESTERDAY        0.0           0.0    MM   0.0    0.0      0.0
  MONTH TO DATE    T                         0.3   -0.3      0.0
  SINCE MAR 1     14.2                       2.2   12.0      3.4
  SINCE JUL 1     28.0                      20.2    7.8      9.0
  SNOW DEPTH       0

DEGREE DAYS
 HEATING
  YESTERDAY       18                        10      8        5
  MONTH TO DATE  351                       283     68      163
  SINCE MAR 1   1139                       966    173      880
  SINCE JUL 1   4499                      4589    -90     3882

 COOLING
  YESTERDAY        0                         1     -1        0
  MONTH TO DATE    8                         1      7       10
  SINCE MAR 1      8                         2      6       10
  SINCE JAN 1      8                         2      6       10
..................................................................


WIND (MPH)
  HIGHEST WIND SPEED    16   HIGHEST WIND DIRECTION    NW (300)
  HIGHEST GUST SPEED    19   HIGHEST GUST DIRECTION    NW (320)
  AVERAGE WIND SPEED     6.9


SKY COVER
  POSSIBLE SUNSHINE  MM
  AVERAGE SKY COVER 0.0


WEATHER CONDITIONS
 THE FOLLOWING WEATHER WAS RECORDED YESTERDAY.
  NO SIGNIFICANT WEATHER WAS OBSERVED.


RELATIVE HUMIDITY (PERCENT)
 HIGHEST    75           600 AM
 LOWEST     27           300 PM
 AVERAGE    51

..........................................................


THE WILMINGTON DE CLIMATE NORMALS FOR TODAY
                         NORMAL    RECORD    YEAR
 MAXIMUM TEMPERATURE (F)   66        94      1985
 MINIMUM TEMPERATURE (F)   45        30      1975
                                             1922


SUNRISE AND SUNSET
APRIL 22 2018.........SUNRISE   615 AM EDT   SUNSET   747 PM EDT
APRIL 23 2018.........SUNRISE   614 AM EDT   SUNSET   748 PM EDT


-  INDICATES NEGATIVE NUMBERS.
R  INDICATES RECORD WAS SET OR TIED.
MM INDICATES DATA IS MISSING.
T  INDICATES TRACE AMOUNT.




$$
