000
CDUS43 KIND 200536
CLIIND


CLIMATE REPORT
NATIONAL WEATHER SERVICE INDIANAPOLIS IN
136 AM EDT FRI APR 20 2018


...................................

...THE INDIANAPOLIS IN CLIMATE SUMMARY FOR APRIL 19 2018...

CLIMATE NORMAL PERIOD 1981 TO 2010
CLIMATE RECORD PERIOD 1871 TO 2018


WEATHER ITEM   OBSERVED TIME   RECORD YEAR NORMAL DEPARTURE LAST
                VALUE   (LST)  VALUE       VALUE  FROM      YEAR
                                                  NORMAL
..................................................................
TEMPERATURE (F)
 YESTERDAY
  MAXIMUM         56    432 PM  85    2002  65     -9       81
  MINIMUM         34    530 AM  23    1983  44    -10       63
  AVERAGE         45                        54     -9       72

PRECIPITATION (IN)
  YESTERDAY        T             3.06 2011   0.13  -0.13     0.00
  MONTH TO DATE    5.02                      2.35   2.67     1.19
  SINCE MAR 1      9.09                      5.91   3.18     5.91
  SINCE JAN 1     15.74                     10.89   4.85    11.36

SNOWFALL (IN)
  YESTERDAY        T             0.2  1910   0.0    0.0      0.0
  MONTH TO DATE    2.6                       0.2    2.4      0.0
  SINCE MAR 1     14.2                       2.8   11.4      1.0
  SINCE JUL 1     23.2                      25.9   -2.7      9.7
  SNOW DEPTH       0

DEGREE DAYS
 HEATING
  YESTERDAY       20                        11      9        0
  MONTH TO DATE  395                       267    128      133
  SINCE MAR 1   1196                       974    222      784
  SINCE JUL 1   5163                      5117     46     4068

 COOLING
  YESTERDAY        0                         1     -1        7
  MONTH TO DATE    6                         2      4       18
  SINCE MAR 1      6                         4      2       20
  SINCE JAN 1     11                         4      7       20
..................................................................


WIND (MPH)
  HIGHEST WIND SPEED    28   HIGHEST WIND DIRECTION     W (290)
  HIGHEST GUST SPEED    35   HIGHEST GUST DIRECTION     W (280)
  AVERAGE WIND SPEED    15.2


SKY COVER
  AVERAGE SKY COVER 0.6


WEATHER CONDITIONS
 THE FOLLOWING WEATHER WAS RECORDED YESTERDAY.
  LIGHT SNOW


RELATIVE HUMIDITY (PERCENT)
 HIGHEST    89           700 AM
 LOWEST     30           700 PM
 AVERAGE    60

..........................................................


THE INDIANAPOLIS IN CLIMATE NORMALS FOR TODAY
                         NORMAL    RECORD    YEAR
 MAXIMUM TEMPERATURE (F)   65        85      1915
 MINIMUM TEMPERATURE (F)   44        23      1897


SUNRISE AND SUNSET
APRIL 20 2018.........SUNRISE   700 AM EDT   SUNSET   828 PM EDT
APRIL 21 2018.........SUNRISE   659 AM EDT   SUNSET   829 PM EDT


-  INDICATES NEGATIVE NUMBERS.
R  INDICATES RECORD WAS SET OR TIED.
MM INDICATES DATA IS MISSING.
T  INDICATES TRACE AMOUNT.




$$
