000
CDUS45 KFGZ 280738
CLIINW


CLIMATE REPORT
NATIONAL WEATHER SERVICE FLAGSTAFF, AZ
1237 AM MST MON MAY 28 2018


...................................

...THE WINSLOW AZ AIRPORT CLIMATE SUMMARY FOR MAY 27 2018...

CLIMATE NORMAL PERIOD 1981 TO 2010
CLIMATE RECORD PERIOD 1915 TO 2018


WEATHER ITEM   OBSERVED TIME   RECORD YEAR NORMAL DEPARTURE LAST
                VALUE   (LST)  VALUE       VALUE  FROM      YEAR
                                                  NORMAL
..................................................................
TEMPERATURE (F)
 YESTERDAY
  MAXIMUM         85    306 PM  99    1951  85      0       85
  MINIMUM         39    454 AM  30    1916  48     -9       44
  AVERAGE         62                        67     -5       65

PRECIPITATION (IN)
  YESTERDAY        0.00          0.25 1992   0.01  -0.01     0.00
  MONTH TO DATE    T                         0.29  -0.29     0.40
  SINCE SEP 1      0.54                      4.55  -4.01     5.22
  SINCE JAN 1      0.31                      2.07  -1.76     2.14

DEGREE DAYS
 HEATING
  YESTERDAY        3                         2      1        0
  MONTH TO DATE   61                       102    -41      134
  SINCE JUL 1   3856                      4481   -625     3633

 COOLING
  YESTERDAY        0                         3     -3        0
  MONTH TO DATE   72                        48     24       28
  SINCE JAN 1     87                        52     35       28
..................................................................


WIND (MPH)
  HIGHEST WIND SPEED    25   HIGHEST WIND DIRECTION     W (250)
  HIGHEST GUST SPEED    33   HIGHEST GUST DIRECTION     W (260)
  AVERAGE WIND SPEED     6.8


SKY COVER
  POSSIBLE SUNSHINE  MM
  AVERAGE SKY COVER 0.0


WEATHER CONDITIONS
 THE FOLLOWING WEATHER WAS RECORDED YESTERDAY.
  NO SIGNIFICANT WEATHER WAS OBSERVED.


RELATIVE HUMIDITY (PERCENT)
 HIGHEST    33           500 AM
 LOWEST     10           100 PM
 AVERAGE    22

..........................................................


THE WINSLOW AZ AIRPORT CLIMATE NORMALS FOR TODAY
                         NORMAL    RECORD    YEAR
 MAXIMUM TEMPERATURE (F)   86       100      1958
 MINIMUM TEMPERATURE (F)   48        35      1929


SUNRISE AND SUNSET
MAY 28 2018...........SUNRISE   512 AM MST   SUNSET   729 PM MST
MAY 29 2018...........SUNRISE   511 AM MST   SUNSET   730 PM MST


-  INDICATES NEGATIVE NUMBERS.
R  INDICATES RECORD WAS SET OR TIED.
MM INDICATES DATA IS MISSING.
T  INDICATES TRACE AMOUNT.




$$
