000
CDUS41 KCTP 210631
CLIIPT


CLIMATE REPORT
NATIONAL WEATHER SERVICE STATE COLLEGE PA
231 AM EDT SAT APR 21 2018


...................................

...THE WILLIAMSPORT PA CLIMATE SUMMARY FOR APRIL 20 2018...

CLIMATE NORMAL PERIOD 1981 TO 2010
CLIMATE RECORD PERIOD 1895 TO 2018


WEATHER ITEM   OBSERVED TIME   RECORD YEAR NORMAL DEPARTURE LAST
                VALUE   (LST)  VALUE       VALUE  FROM      YEAR
                                                  NORMAL
..................................................................
TEMPERATURE (F)
 YESTERDAY
  MAXIMUM         52    318 PM  85    1976  63    -11       74
                                      1941
  MINIMUM         31   1152 PM  19    1897  40     -9       52
  AVERAGE         42                        52    -10       63

PRECIPITATION (IN)
  YESTERDAY        T             2.69 1901   0.10  -0.10     0.24
  MONTH TO DATE    3.28                      2.18   1.10     2.25
  SINCE MAR 1      5.41                      5.15   0.26     5.99
  SINCE JAN 1     13.20                     10.19   3.01    11.29

SNOWFALL (IN)
  YESTERDAY        T             0.8  1983   0.0    0.0      0.0
  MONTH TO DATE    5.2                       1.0    4.2       T
  SINCE MAR 1      7.8                       7.9   -0.1     22.6
  SINCE JUL 1     26.8                      35.9   -9.1     41.1
  SNOW DEPTH       0

DEGREE DAYS
 HEATING
  YESTERDAY       23                        14      9        2
  MONTH TO DATE  443                       340    103      200
  SINCE MAR 1   1304                      1169    135     1058
  SINCE JUL 1   5354                      5636   -282     4694

 COOLING
  YESTERDAY        0                         0      0        0
  MONTH TO DATE    0                         0      0        5
  SINCE MAR 1      0                         0      0        5
  SINCE JAN 1      0                         0      0        5
..................................................................


WIND (MPH)
  HIGHEST WIND SPEED    21   HIGHEST WIND DIRECTION     N (350)
  HIGHEST GUST SPEED    27   HIGHEST GUST DIRECTION    NW (330)
  AVERAGE WIND SPEED    10.3


SKY COVER
  POSSIBLE SUNSHINE  MM
  AVERAGE SKY COVER 0.4


WEATHER CONDITIONS
 THE FOLLOWING WEATHER WAS RECORDED YESTERDAY.
  LIGHT SNOW


RELATIVE HUMIDITY (PERCENT)
 HIGHEST    75           600 AM
 LOWEST     32           300 PM
 AVERAGE    54

..........................................................


THE WILLIAMSPORT PA CLIMATE NORMALS FOR TODAY
                         NORMAL    RECORD    YEAR
 MAXIMUM TEMPERATURE (F)   63        90      1941
 MINIMUM TEMPERATURE (F)   41        25      1925


SUNRISE AND SUNSET
APRIL 21 2018.........SUNRISE   619 AM EDT   SUNSET   754 PM EDT
APRIL 22 2018.........SUNRISE   618 AM EDT   SUNSET   755 PM EDT


-  INDICATES NEGATIVE NUMBERS.
R  INDICATES RECORD WAS SET OR TIED.
MM INDICATES DATA IS MISSING.
T  INDICATES TRACE AMOUNT.




$$
