000
CDUS43 KEAX 210641
CLIIRK


CLIMATE REPORT
NATIONAL WEATHER SERVICE KANSAS CITY/PLEASANT HILL MO
140 AM CDT MON MAY 21 2018


...................................

...THE KIRKSVILLE MO CLIMATE SUMMARY FOR MAY 20 2018...

CLIMATE NORMAL PERIOD 1981 TO 2010
CLIMATE RECORD PERIOD 9999 TO 9999


WEATHER ITEM   OBSERVED TIME   NORMAL DEPARTURE LAST
                VALUE   (LST)  VALUE  FROM      YEAR
                                      NORMAL
......................................................
TEMPERATURE (F)
 YESTERDAY
  MAXIMUM         79    541 PM  74      5       74
  MINIMUM         54    453 AM  53      1       50
  AVERAGE         67            63      4       62

PRECIPITATION (IN)
  YESTERDAY       MM             0.14  MM        0.09
  MONTH TO DATE    2.33          3.17  -0.84     1.07
  SINCE MAR 1      5.80          9.56  -3.76    10.84
  SINCE JAN 1      9.91         12.36  -2.45    12.70

DEGREE DAYS
 HEATING
  YESTERDAY        0             4     -4        3
  MONTH TO DATE    1           123   -122      103
  SINCE MAR 1   1393          1280    113     1031
  SINCE JUL 1   5712          5813   -101     4560

 COOLING
  YESTERDAY        2             2      0        0
  MONTH TO DATE   85            26     59       56
  SINCE MAR 1     93            33     60       80
  SINCE JAN 1     93            33     60       80
......................................................


WIND (MPH)
  HIGHEST WIND SPEED    21   HIGHEST WIND DIRECTION    NE (50)
  HIGHEST GUST SPEED    25   HIGHEST GUST DIRECTION    NE (50)
  AVERAGE WIND SPEED     5.6


SKY COVER
  AVERAGE SKY COVER 0.5


WEATHER CONDITIONS
 THE FOLLOWING WEATHER WAS RECORDED YESTERDAY.
  THUNDERSTORM
  FOG W/VISIBILITY <= 1/4 MILE


RELATIVE HUMIDITY (PERCENT)
 HIGHEST   100          1100 PM
 LOWEST     64           300 PM
 AVERAGE    82

..........................................................


THE KIRKSVILLE MO CLIMATE NORMALS FOR TODAY
                         NORMAL
 MAXIMUM TEMPERATURE (F)   74
 MINIMUM TEMPERATURE (F)   53


SUNRISE AND SUNSET
MAY 21 2018...........SUNRISE   550 AM CDT   SUNSET   824 PM CDT
MAY 22 2018...........SUNRISE   549 AM CDT   SUNSET   825 PM CDT


-  INDICATES NEGATIVE NUMBERS.
R  INDICATES RECORD WAS SET OR TIED.
MM INDICATES DATA IS MISSING.
T  INDICATES TRACE AMOUNT.




$$
