000
CDHW43 PHFO 270229
CLIITO


CLIMATE REPORT
NATIONAL WEATHER SERVICE HONOLULU HI
428 PM HST SAT MAY 26 2018


...................................

...THE HILO HI CLIMATE SUMMARY FOR MAY 26 2018...
VALID TODAY AS OF 0400 PM LOCAL TIME.

CLIMATE NORMAL PERIOD 1981 TO 2010
CLIMATE RECORD PERIOD 1946 TO 2018


WEATHER ITEM   OBSERVED TIME   RECORD YEAR NORMAL DEPARTURE LAST
                VALUE   (LST)  VALUE       VALUE  FROM      YEAR
                                                  NORMAL
..................................................................
TEMPERATURE (F)
 TODAY
  MAXIMUM         79    302 PM  88    2003  81     -2       82
  MINIMUM         70    653 AM  60    2003  68      2       64
  AVERAGE         75                        74      1       73

PRECIPITATION (IN)
  TODAY            0.40          6.40 1970   0.21   0.19     0.07
  MONTH TO DATE    7.08                      7.08   0.00     7.20
  SINCE MAR 1     31.26                     32.05  -0.79    15.68
  SINCE JAN 1     61.34                     50.87  10.47    34.17

SNOWFALL (IN)
  TODAY            0.0
  MONTH TO DATE    0.0
  SINCE MAR 1      0.0
  SINCE JUL 1      0.0
  SNOW DEPTH      MM

DEGREE DAYS
 HEATING
  TODAY            0                         0      0        0
  MONTH TO DATE    0                         0      0        0
  SINCE MAR 1      0                         0      0        0
  SINCE JUL 1      0                         0      0        0

 COOLING
  TODAY           10                         9      1        8
  MONTH TO DATE  259                       222     37      258
  SINCE MAR 1    843                       649    194      843
  SINCE JAN 1   1351                      1019    332     1252
..................................................................


WIND (MPH)
  HIGHEST WIND SPEED    15   HIGHEST WIND DIRECTION    NE (60)
  HIGHEST GUST SPEED    17   HIGHEST GUST DIRECTION    NE (60)
  AVERAGE WIND SPEED    MM


SKY COVER
  POSSIBLE SUNSHINE  MM
  AVERAGE SKY COVER  MM


WEATHER CONDITIONS
 THE FOLLOWING WEATHER WAS RECORDED TODAY.
  FOG
  HAZE


RELATIVE HUMIDITY (PERCENT)
 HIGHEST    MM
 LOWEST     MM
 AVERAGE    MM

..........................................................


THE HILO HI CLIMATE NORMALS FOR TOMORROW
                         NORMAL    RECORD    YEAR
 MAXIMUM TEMPERATURE (F)   81        88      1992
 MINIMUM TEMPERATURE (F)   68        61      2003


SUNRISE AND SUNSET
MAY 26 2018...........SUNRISE   542 AM HST   SUNSET   653 PM HST
MAY 27 2018...........SUNRISE   541 AM HST   SUNSET   654 PM HST


-  INDICATES NEGATIVE NUMBERS.
R  INDICATES RECORD WAS SET OR TIED.
MM INDICATES DATA IS MISSING.
T  INDICATES TRACE AMOUNT.




$$
