000
CDAK47 PAJK 241137
CLIJNU
CLIMATE REPORT
NATIONAL WEATHER SERVICE JUNEAU, AK
335 AM AKDT TUE APR 24 2018


...................................

...THE JUNEAU CLIMATE SUMMARY FOR APRIL 23 2018...

CLIMATE NORMAL PERIOD 1981 TO 2010
CLIMATE RECORD PERIOD 1936 TO 2018


WEATHER ITEM   OBSERVED RECORD YEAR NORMAL DEPARTURE LAST
                VALUE   VALUE       VALUE  FROM      YEAR
                                           NORMAL
...........................................................
TEMPERATURE (F)
 YESTERDAY
  MAXIMUM         43     65    2005  51     -8       62
                               1994
  MINIMUM         40     25    1954  35      5       30
  AVERAGE         42                 43     -1       46

PRECIPITATION (IN)
  YESTERDAY        1.02R  0.95 1984   0.10   0.92     0.00
  MONTH TO DATE    2.46               2.26   0.20     0.65
  SINCE JAN 1     13.04              15.52  -2.48    15.67

SNOWFALL (IN)
  YESTERDAY        0.0    1.3  1955   0.0    0.0      0.0
  MONTH TO DATE    0.0                1.0   -1.0       T
  SINCE JUL 1     77.3               86.6   -9.3     65.2
  SNOW DEPTH       0

DEGREE DAYS
 HEATING
  YESTERDAY       23                 22      1       19
  MONTH TO DATE  589                578     11      515
...........................................................


WIND (MPH)
  HIGHEST WIND SPEED    32   HIGHEST WIND DIRECTION    SE (120)
  HIGHEST GUST SPEED    40   HIGHEST GUST DIRECTION     E (110)
  AVERAGE WIND SPEED    18.6


SKY COVER
  AVERAGE SKY COVER 1.0


WEATHER CONDITIONS
 THE FOLLOWING WEATHER WAS RECORDED YESTERDAY.
  LIGHT RAIN
  FOG


..........................................................


THE JUNEAU CLIMATE NORMALS FOR TODAY
                         NORMAL    RECORD    YEAR
 MAXIMUM TEMPERATURE (F)   51        70      2003
 MINIMUM TEMPERATURE (F)   35        23      1954


SUNRISE AND SUNSET
APRIL 24 2018.........SUNRISE   522 AM AKDT  SUNSET   833 PM AKDT
APRIL 25 2018.........SUNRISE   519 AM AKDT  SUNSET   835 PM AKDT


-  INDICATES NEGATIVE NUMBERS.
R  INDICATES RECORD WAS SET OR TIED.
MM INDICATES DATA IS MISSING.
T  INDICATES TRACE AMOUNT.




$$
--------------------------------------------------------------

AMOUNT OF DAYLIGHT TODAY (HOUR:MIN)......... 15 HOURS 11 MINUTES
GAIN/LOSS SINCE YESTERDAY (HOUR:MIN:SEC).... +0:04:55

$$
