000
CDUS41 KCTP 222119
CLIJST


CLIMATE REPORT
NATIONAL WEATHER SERVICE STATE COLLEGE PA
519 PM EDT TUE MAY 22 2018


...................................

...THE JOHNSTOWN CLIMATE SUMMARY FOR MAY 22 2018...
VALID TODAY AS OF 0500 PM LOCAL TIME.

CLIMATE NORMAL PERIOD 1981 TO 2010
CLIMATE RECORD PERIOD 1892 TO 2018


WEATHER ITEM   OBSERVED TIME   RECORD YEAR NORMAL DEPARTURE LAST
                VALUE   (LST)  VALUE       VALUE  FROM      YEAR
                                                  NORMAL
..................................................................
TEMPERATURE (F)
 TODAY
  MAXIMUM         71    359 PM  96    1911  67      4       67
  MINIMUM         63    928 AM  30    1895  49     14       51
  AVERAGE         67                        58      9       59

PRECIPITATION (IN)
  TODAY            0.33          0.96 1975   0.17   0.16      T
  MONTH TO DATE    4.56                      3.07   1.49     4.24
  SINCE MAR 1     11.49                      9.95   1.54    11.92
  SINCE JAN 1     21.44                     15.18   6.26    17.58

DEGREE DAYS
 HEATING
  TODAY            0                         8     -8        6
  MONTH TO DATE   59                       219   -160      248
  SINCE MAR 1   1798                      1670    128     1496
  SINCE JUL 1   6233                      6553   -320     5416

 COOLING
  TODAY            2                         1      1        0
  MONTH TO DATE   34                         9     25       26
  SINCE MAR 1     46                        14     32       29
  SINCE JAN 1     46                        14     32       29
..................................................................


WIND (MPH)
  HIGHEST WIND SPEED    14   HIGHEST WIND DIRECTION     W (260)
  HIGHEST GUST SPEED    18   HIGHEST GUST DIRECTION     W (260)
  AVERAGE WIND SPEED     8.6


SKY COVER
  POSSIBLE SUNSHINE  MM
  AVERAGE SKY COVER 0.8


WEATHER CONDITIONS
 THE FOLLOWING WEATHER WAS RECORDED TODAY.
  HEAVY RAIN
  RAIN
  LIGHT RAIN
  FOG


RELATIVE HUMIDITY (PERCENT)
 HIGHEST   100           900 AM
 LOWEST     73           400 PM
 AVERAGE    87

..........................................................


THE JOHNSTOWN CLIMATE NORMALS FOR TOMORROW
                         NORMAL    RECORD    YEAR
 MAXIMUM TEMPERATURE (F)   68        93      1925
 MINIMUM TEMPERATURE (F)   49        32      2006


SUNRISE AND SUNSET
MAY 22 2018...........SUNRISE   553 AM EDT   SUNSET   831 PM EDT
MAY 23 2018...........SUNRISE   553 AM EDT   SUNSET   832 PM EDT


-  INDICATES NEGATIVE NUMBERS.
R  INDICATES RECORD WAS SET OR TIED.
MM INDICATES DATA IS MISSING.
T  INDICATES TRACE AMOUNT.




$$
