838
CDUS44 KSHV 192212
CLILFK


CLIMATE REPORT
NATIONAL WEATHER SERVICE SHREVEPORT, LA
512 PM CDT THU APR 19 2018


...................................

...THE LUFKIN CLIMATE SUMMARY FOR APRIL 19 2018...
VALID TODAY AS OF 0500 PM LOCAL TIME.

CLIMATE NORMAL PERIOD 1981 TO 2010
CLIMATE RECORD PERIOD 1906 TO 2018


WEATHER ITEM   OBSERVED TIME   RECORD YEAR NORMAL DEPARTURE LAST
                VALUE   (LST)  VALUE       VALUE  FROM      YEAR
                                                  NORMAL
..................................................................
TEMPERATURE (F)
 TODAY
  MAXIMUM         72    245 PM  93    2011  79     -7       81
                                      1987
  MINIMUM         53    634 AM  40    1939  56     -3       64
  AVERAGE         63                        67     -4       73

PRECIPITATION (IN)
  TODAY            0.00          2.35 1915   0.11  -0.11     0.27
  MONTH TO DATE    2.54                      1.87   0.67     5.36
  SINCE DEC 1     23.00                     18.14   4.86    20.24
  SINCE JAN 1     19.39                     13.70   5.69    15.33

SNOWFALL (IN)
  TODAY            0.0
  MONTH TO DATE    0.0
  SINCE MAR 1      0.0
  SINCE JUL 1      1.1
  SNOW DEPTH       0

DEGREE DAYS
 HEATING
  TODAY            2                         2      0        0
  MONTH TO DATE   90                        57     33       20
  SINCE MAR 1    209                       267    -58      143
  SINCE JUL 1   1829                      1901    -72     1119

 COOLING
  TODAY            0                         4     -4        8
  MONTH TO DATE   43                        62    -19       76
  SINCE MAR 1    132                       103     29      170
  SINCE JAN 1    175                       122     53      252
..................................................................


WIND (MPH)
  HIGHEST WIND SPEED    15   HIGHEST WIND DIRECTION     N (20)
  HIGHEST GUST SPEED    21   HIGHEST GUST DIRECTION    NE (50)
  AVERAGE WIND SPEED     8.3


SKY COVER
  POSSIBLE SUNSHINE  MM
  AVERAGE SKY COVER 0.0


WEATHER CONDITIONS
 THE FOLLOWING WEATHER WAS RECORDED TODAY.
  NO SIGNIFICANT WEATHER WAS OBSERVED.


RELATIVE HUMIDITY (PERCENT)
 HIGHEST    55           700 AM
 LOWEST     31           100 PM
 AVERAGE    43

..........................................................


THE LUFKIN CLIMATE NORMALS FOR TOMORROW
                         NORMAL    RECORD    YEAR
 MAXIMUM TEMPERATURE (F)   79        93      2011
 MINIMUM TEMPERATURE (F)   56        35      1953


SUNRISE AND SUNSET
APRIL 19 2018.........SUNRISE   646 AM CDT   SUNSET   750 PM CDT
APRIL 20 2018.........SUNRISE   645 AM CDT   SUNSET   751 PM CDT


-  INDICATES NEGATIVE NUMBERS.
R  INDICATES RECORD WAS SET OR TIED.
MM INDICATES DATA IS MISSING.
T  INDICATES TRACE AMOUNT.




$$
