000
CDUS46 KLOX 240915
CLILGB


CLIMATE REPORT
NATIONAL WEATHER SERVICE LOS ANGELES/OXNARD CA
215 AM PDT TUE APR 24 2018


...................................

...THE LONG BEACH AIRPORT CA CLIMATE SUMMARY FOR APRIL 23 2018...

CLIMATE NORMAL PERIOD 1981 TO 2010
CLIMATE RECORD PERIOD 1958 TO 2018


WEATHER ITEM   OBSERVED TIME   RECORD YEAR NORMAL DEPARTURE LAST
                VALUE   (LST)  VALUE       VALUE  FROM      YEAR
                                                  NORMAL
..................................................................
TEMPERATURE (F)
 YESTERDAY
  MAXIMUM         75    338 PM  90    1996  73      2       74
  MINIMUM         57   1159 PM  44    1967  54      3       60
                                      1961
  AVERAGE         66                        63      3       67

PRECIPITATION (IN)
  YESTERDAY        0.00          0.07 1988   0.02  -0.02     0.00
  MONTH TO DATE    0.04                      0.51  -0.47     0.18
  SINCE OCT 1      3.52                     11.65  -8.13    19.58
  SINCE JAN 1      3.45                      8.07  -4.62    14.38

SNOWFALL (IN)
  YESTERDAY        0.0
  MONTH TO DATE    0.0
  SINCE MAR 1      0.0
  SINCE JUL 1      0.0

DEGREE DAYS
 HEATING
  YESTERDAY        0                         3     -3        0
  MONTH TO DATE   26                        88    -62       29
  SINCE MAR 1    153                       267   -114       99
  SINCE JUL 1    577                      1158   -581      877

 COOLING
  YESTERDAY        1                         1      0        2
  MONTH TO DATE   44                        23     21       32
  SINCE MAR 1     45                        33     12       58
  SINCE JAN 1     85                        41     44       59
..................................................................


WIND (MPH)
  HIGHEST WIND SPEED    14   HIGHEST WIND DIRECTION    NW (310)
  HIGHEST GUST SPEED    16   HIGHEST GUST DIRECTION     W (290)
  AVERAGE WIND SPEED     5.4


SKY COVER
  POSSIBLE SUNSHINE  MM
  AVERAGE SKY COVER 0.4


WEATHER CONDITIONS
 THE FOLLOWING WEATHER WAS RECORDED YESTERDAY.
  FOG
  HAZE


RELATIVE HUMIDITY (PERCENT)
 HIGHEST    93           200 AM
 LOWEST     53           300 PM
 AVERAGE    73

..........................................................


THE LONG BEACH AIRPORT CA CLIMATE NORMALS FOR TODAY
                         NORMAL    RECORD    YEAR
 MAXIMUM TEMPERATURE (F)   73        93      2001
 MINIMUM TEMPERATURE (F)   54        43      1960


SUNRISE AND SUNSET
APRIL 24 2018.........SUNRISE   611 AM PDT   SUNSET   731 PM PDT
APRIL 25 2018.........SUNRISE   610 AM PDT   SUNSET   732 PM PDT


-  INDICATES NEGATIVE NUMBERS.
R  INDICATES RECORD WAS SET OR TIED.
MM INDICATES DATA IS MISSING.
T  INDICATES TRACE AMOUNT.




$$
