735
CDUS46 KMFR 230036
CLILMT


CLIMATE REPORT
NATIONAL WEATHER SERVICE MEDFORD, OR
536 PM PDT SUN APR 22 2018


...................................

...THE KLAMATH FALLS OR CLIMATE SUMMARY FOR APRIL 22 2018...
VALID TODAY AS OF 0500 PM LOCAL TIME.

CLIMATE NORMAL PERIOD 1981 TO 2010
CLIMATE RECORD PERIOD 1928 TO 2018


WEATHER ITEM   OBSERVED TIME   RECORD YEAR NORMAL DEPARTURE LAST
                VALUE   (LST)  VALUE       VALUE  FROM      YEAR
                                                  NORMAL
..................................................................
TEMPERATURE (F)
 TODAY
  MAXIMUM         64    359 PM  81    2012  58      6       60
  MINIMUM         31    404 AM  18    1968  31      0       42
  AVERAGE         48                        45      3       51

PRECIPITATION (IN)
  TODAY            0.00          0.47 1990   0.05  -0.05     0.00
  MONTH TO DATE    1.24                      0.90   0.34     0.57
  SINCE OCT 1      5.92                     10.63  -4.71    10.41
  SINCE JAN 1      3.67                      5.94  -2.27     5.66

SNOWFALL (IN)
  TODAY           MM                        MM     MM       MM
  MONTH TO DATE   MM                        MM     MM       MM
  SINCE JUL 1     MM                        MM     MM       MM
  SNOW DEPTH      MM

DEGREE DAYS
 HEATING
  TODAY           17                        20     -3       14
  MONTH TO DATE  490                       505    -15      496
  SINCE MAR 1   1347                      1326     21     1203
  SINCE JUL 1   5776                      6167   -391     6041

 COOLING
  TODAY            0                         0      0        0
  MONTH TO DATE    0                         0      0        0
  SINCE MAR 1      0                         0      0        0
  SINCE JAN 1      0                         0      0        0
..................................................................


WIND (MPH)
  HIGHEST WIND SPEED    14   HIGHEST WIND DIRECTION    NW (330)
  HIGHEST GUST SPEED    18   HIGHEST GUST DIRECTION     N (340)
  AVERAGE WIND SPEED     6.5


SKY COVER
  POSSIBLE SUNSHINE  MM
  AVERAGE SKY COVER 0.0


WEATHER CONDITIONS
 THE FOLLOWING WEATHER WAS RECORDED TODAY.
  NO SIGNIFICANT WEATHER WAS OBSERVED.


RELATIVE HUMIDITY (PERCENT)
 HIGHEST    89           300 AM
 LOWEST     19           100 PM

..........................................................


THE KLAMATH FALLS OR CLIMATE NORMALS FOR TOMORROW
                         NORMAL    RECORD    YEAR
 MAXIMUM TEMPERATURE (F)   59        80      2012
 MINIMUM TEMPERATURE (F)   31        22      1976


SUNRISE AND SUNSET
APRIL 22 2018.........SUNRISE   615 AM PDT   SUNSET   756 PM PDT
APRIL 23 2018.........SUNRISE   614 AM PDT   SUNSET   757 PM PDT


-  INDICATES NEGATIVE NUMBERS.
R  INDICATES RECORD WAS SET OR TIED.
MM INDICATES DATA IS MISSING.
T  INDICATES TRACE AMOUNT.




$$
