000
CDUS45 KRIW 240741
CLILND


CLIMATE REPORT
NATIONAL WEATHER SERVICE RIVERTON WY
140 AM MDT TUE APR 24 2018


...................................

...THE LANDER WY CLIMATE SUMMARY FOR APRIL 23 2018...

CLIMATE NORMAL PERIOD 1981 TO 2010
CLIMATE RECORD PERIOD 1891 TO 2018


WEATHER ITEM   OBSERVED TIME   RECORD YEAR NORMAL DEPARTURE LAST
                VALUE   (LST)  VALUE       VALUE  FROM      YEAR
                                                  NORMAL
..................................................................
TEMPERATURE (F)
 YESTERDAY
  MAXIMUM         54   1200 AM  83    2012  59     -5       69
  MINIMUM         32   1158 PM   9    2013  33     -1       38
  AVERAGE         43                        46     -3       54

PRECIPITATION (IN)
  YESTERDAY        0.02          2.00 1929   0.07  -0.05     0.00
  MONTH TO DATE    0.30                      1.36  -1.06     1.69
  SINCE MAR 1      1.39                      2.52  -1.13     6.34
  SINCE JAN 1      3.01                      3.51  -0.50     8.72

SNOWFALL (IN)
  YESTERDAY       MM                         0.5   MM        0.0
  MONTH TO DATE    2.4                      13.2  -10.8     10.7
  SINCE MAR 1     10.5                      29.3  -18.8     16.4
  SINCE JUL 1     57.7                      82.9  -25.2     77.4
  SNOW DEPTH      MM

DEGREE DAYS
 HEATING
  YESTERDAY       22                        19      3       11
  MONTH TO DATE  519                       510      9      484
  SINCE MAR 1   1400                      1425    -25     1196
  SINCE JUL 1   6850                      7129   -279     6899

 COOLING
  YESTERDAY        0                         0      0        0
  MONTH TO DATE    0                         0      0        0
  SINCE MAR 1      0                         0      0        0
  SINCE JAN 1      0                         0      0        0
..................................................................


WIND (MPH)
  HIGHEST WIND SPEED    18   HIGHEST WIND DIRECTION    NE (30)
  HIGHEST GUST SPEED    23   HIGHEST GUST DIRECTION    NE (30)
  AVERAGE WIND SPEED     7.7


SKY COVER
  POSSIBLE SUNSHINE  MM
  AVERAGE SKY COVER 0.8


WEATHER CONDITIONS
 THE FOLLOWING WEATHER WAS RECORDED YESTERDAY.
  LIGHT RAIN
  LIGHT SNOW
  FOG


RELATIVE HUMIDITY (PERCENT)
 HIGHEST    89           600 PM
 LOWEST     32          1200 AM
 AVERAGE    61

..........................................................


THE LANDER WY CLIMATE NORMALS FOR TODAY
                         NORMAL    RECORD    YEAR
 MAXIMUM TEMPERATURE (F)   59        82      2012
 MINIMUM TEMPERATURE (F)   34        13      1892


SUNRISE AND SUNSET
APRIL 24 2018.........SUNRISE   619 AM MDT   SUNSET   808 PM MDT
APRIL 25 2018.........SUNRISE   618 AM MDT   SUNSET   809 PM MDT


-  INDICATES NEGATIVE NUMBERS.
R  INDICATES RECORD WAS SET OR TIED.
MM INDICATES DATA IS MISSING.
T  INDICATES TRACE AMOUNT.




$$
