000
CDUS43 KOAX 260636
CLILNK


CLIMATE REPORT
NATIONAL WEATHER SERVICE OMAHA NEBRASKA
135 AM CDT THU APR 26 2018


...................................

...THE LINCOLN, NEBRASKA CLIMATE SUMMARY FOR APRIL 25 2018...

CLIMATE NORMAL PERIOD 1981 TO 2010
CLIMATE RECORD PERIOD 1887 TO 2018


WEATHER ITEM   OBSERVED TIME   RECORD YEAR NORMAL DEPARTURE LAST
                VALUE   (LST)  VALUE       VALUE  FROM      YEAR
                                                  NORMAL
..................................................................
TEMPERATURE (F)
 YESTERDAY
  MAXIMUM         59    526 PM  92    2012  68     -9       55
  MINIMUM         38   1124 PM  28    2013  43     -5       40
  AVERAGE         49                        55     -6       48

PRECIPITATION (IN)
  YESTERDAY        0.06          2.20 1904   0.11  -0.05     0.02
  MONTH TO DATE    0.67                      2.14  -1.47     1.64
  SINCE MAR 1      3.38                      4.07  -0.69     3.26
  SINCE JAN 1      4.53                      5.48  -0.95     4.91

SNOWFALL (IN)
  YESTERDAY        0.0                       0.0    0.0      0.0
  MONTH TO DATE    3.0                       1.3    1.7      0.0
  SINCE JUL 1     21.4                      25.8   -4.4      7.5
  SNOW DEPTH       0

DEGREE DAYS
 HEATING
  YESTERDAY       16                        11      5       17
  MONTH TO DATE  582                       368    214      243
  SINCE MAR 1   1318                      1141    177      897
  SINCE JUL 1   5917                      5844     73     4780

 COOLING
  YESTERDAY        0                         1     -1        0
  MONTH TO DATE    0                         8     -8       12
  SINCE MAR 1      0                         9     -9       13
  SINCE JAN 1      0                         9     -9       13
..................................................................


WIND (MPH)
  HIGHEST WIND SPEED    18   HIGHEST WIND DIRECTION     N (360)
  HIGHEST GUST SPEED    25   HIGHEST GUST DIRECTION     N (350)
  AVERAGE WIND SPEED     8.5


SKY COVER
  POSSIBLE SUNSHINE  MM
  AVERAGE SKY COVER 0.6


WEATHER CONDITIONS
 THE FOLLOWING WEATHER WAS RECORDED YESTERDAY.
  LIGHT RAIN
  FOG


RELATIVE HUMIDITY (PERCENT)
 HIGHEST    93          1200 AM
 LOWEST     36           500 PM
 AVERAGE    65

..........................................................


THE LINCOLN, NEBRASKA CLIMATE NORMALS FOR TODAY
                         NORMAL    RECORD    YEAR
 MAXIMUM TEMPERATURE (F)   68        97      1989
 MINIMUM TEMPERATURE (F)   43        27      1907


SUNRISE AND SUNSET
APRIL 26 2018.........SUNRISE   632 AM CDT   SUNSET   818 PM CDT
APRIL 27 2018.........SUNRISE   631 AM CDT   SUNSET   819 PM CDT


-  INDICATES NEGATIVE NUMBERS.
R  INDICATES RECORD WAS SET OR TIED.
MM INDICATES DATA IS MISSING.
T  INDICATES TRACE AMOUNT.




$$
