000
CDUS43 KLMK 210628
CLILOU


CLIMATE REPORT
NATIONAL WEATHER SERVICE LOUISVILLE KY
228 AM EDT MON MAY 21 2018


...................................

...THE LOUISVILLE BOWMAN KY CLIMATE SUMMARY FOR MAY 20 2018...

CLIMATE NORMAL PERIOD 1981 TO 2010
CLIMATE RECORD PERIOD 9999 TO 9999


WEATHER ITEM   OBSERVED TIME   RECORD YEAR NORMAL DEPARTURE LAST
                VALUE   (LST)  VALUE       VALUE  FROM      YEAR
                                                  NORMAL
..................................................................
TEMPERATURE (F)
 YESTERDAY
  MAXIMUM         90    241 PM  MM      MM  77     13       89
  MINIMUM         65    607 AM  MM      MM  57      8       67
  AVERAGE         78                        67     11       78

PRECIPITATION (IN)
  YESTERDAY        T            MM      MM   0.16  -0.16     0.29
  MONTH TO DATE    2.41                      3.47  -1.06     3.04
  SINCE MAR 1     10.82                     11.71  -0.89    11.73
  SINCE JAN 1     22.69                     18.27   4.42    17.75

SNOWFALL (IN)
  YESTERDAY       MM            MM      MM  MM     MM       MM
  MONTH TO DATE   MM                        MM     MM       MM
  SINCE MAR 1     MM                        MM     MM       MM
  SINCE JUL 1     MM                        MM     MM       MM
  SNOW DEPTH      MM

DEGREE DAYS
 HEATING
  YESTERDAY        0                         2     -2        0
  MONTH TO DATE    1                        61    -60       75
  SINCE MAR 1   1032                       891    141      657
  SINCE JUL 1   4294                      4252     42     3219

 COOLING
  YESTERDAY       13                         4      9       13
  MONTH TO DATE  168                        54    114       98
  SINCE MAR 1    184                        88     96      195
  SINCE JAN 1    194                        88    106      198
..................................................................


WIND (MPH)
  HIGHEST WIND SPEED    13   HIGHEST WIND DIRECTION    SW (210)
  HIGHEST GUST SPEED    18   HIGHEST GUST DIRECTION    SE (120)
  AVERAGE WIND SPEED     4.5


SKY COVER
  POSSIBLE SUNSHINE  MM
  AVERAGE SKY COVER 0.1


WEATHER CONDITIONS
 THE FOLLOWING WEATHER WAS RECORDED YESTERDAY.
  THUNDERSTORM
  FOG


RELATIVE HUMIDITY (PERCENT)
 HIGHEST   100           100 AM
 LOWEST     41           400 PM
 AVERAGE    71

..........................................................


THE LOUISVILLE BOWMAN KY CLIMATE NORMALS FOR TODAY
                         NORMAL
 MAXIMUM TEMPERATURE (F)   78
 MINIMUM TEMPERATURE (F)   58


SUNRISE AND SUNSET
MAY 21 2018...........SUNRISE   627 AM EDT   SUNSET   852 PM EDT
MAY 22 2018...........SUNRISE   626 AM EDT   SUNSET   853 PM EDT


-  INDICATES NEGATIVE NUMBERS.
R  INDICATES RECORD WAS SET OR TIED.
MM INDICATES DATA IS MISSING.
T  INDICATES TRACE AMOUNT.




$$
