000
CDUS43 KTOP 190634
CLILWC


CLIMATE REPORT
NATIONAL WEATHER SERVICE TOPEKA KS
133 AM CDT THU APR 19 2018


...................................

...THE LAWRENCE KS CLIMATE SUMMARY FOR APRIL 18 2018...

CLIMATE NORMAL PERIOD 1981 TO 2010
CLIMATE RECORD PERIOD 9999 TO 9999


WEATHER ITEM   OBSERVED NORMAL DEPARTURE LAST
                VALUE   VALUE  FROM      YEAR
                               NORMAL
...............................................
TEMPERATURE (F)
 YESTERDAY
  MAXIMUM         56     68    -12       79
  MINIMUM         30     44    -14       51
  AVERAGE         43     56    -13       65

PRECIPITATION (IN)
  YESTERDAY        0.00   0.14  -0.14     0.00
  MONTH TO DATE    0.41   1.97  -1.56     4.11
  SINCE MAR 1      1.95   4.59  -2.64     6.47
  SINCE JAN 1      3.81   6.90  -3.09     7.48

DEGREE DAYS
 HEATING
  YESTERDAY       22     10     12        0
  MONTH TO DATE  405    226    179      133
  SINCE MAR 1   1029    867    162      652
  SINCE JUL 1   4970   4882     88     3933

 COOLING
  YESTERDAY        0      1     -1        0
  MONTH TO DATE    2     11     -9       20
  SINCE MAR 1      2     14    -12       27
  SINCE JAN 1      2     14    -12       27
...............................................


WIND (MPH)
  HIGHEST WIND SPEED    30   HIGHEST WIND DIRECTION    NW (300)
  HIGHEST GUST SPEED    40   HIGHEST GUST DIRECTION    NW (310)
  AVERAGE WIND SPEED    17.3


SKY COVER
  AVERAGE SKY COVER 0.6


WEATHER CONDITIONS
 THE FOLLOWING WEATHER WAS RECORDED YESTERDAY.
  NO SIGNIFICANT WEATHER WAS OBSERVED.


RELATIVE HUMIDITY (PERCENT)
 HIGHEST    80
 LOWEST     45
 AVERAGE    63

..........................................................


THE LAWRENCE KS CLIMATE NORMALS FOR TODAY
                         NORMAL
 MAXIMUM TEMPERATURE (F)   68
 MINIMUM TEMPERATURE (F)   44


SUNRISE AND SUNSET
APRIL 19 2018.........SUNRISE   638 AM CDT   SUNSET   802 PM CDT
APRIL 20 2018.........SUNRISE   637 AM CDT   SUNSET   803 PM CDT


-  INDICATES NEGATIVE NUMBERS.
R  INDICATES RECORD WAS SET OR TIED.
MM INDICATES DATA IS MISSING.
T  INDICATES TRACE AMOUNT.




$$
