000
CDUS41 KRNK 190632
CLILYH


CLIMATE REPORT
NATIONAL WEATHER SERVICE BLACKSBURG VA
230 AM EDT THU APR 19 2018


...................................

...THE LYNCHBURG VA CLIMATE SUMMARY FOR APRIL 18 2018...

CLIMATE NORMAL PERIOD 1981 TO 2010
CLIMATE RECORD PERIOD 1893 TO 2018


WEATHER ITEM   OBSERVED TIME   RECORD YEAR NORMAL DEPARTURE LAST
                VALUE   (LST)  VALUE       VALUE  FROM      YEAR
                                                  NORMAL
..................................................................
TEMPERATURE (F)
 YESTERDAY
  MAXIMUM         79    527 PM  95    1896  69     10       72
  MINIMUM         40    445 AM  29    1983  43     -3       55
  AVERAGE         60                        56      4       64

PRECIPITATION (IN)
  YESTERDAY        0.00          1.78 1900   0.11  -0.11      T
  MONTH TO DATE    1.84                      2.00  -0.16     1.02
  SINCE MAR 1      4.91                      5.58  -0.67     3.68
  SINCE JAN 1     13.57                     11.65   1.92     8.06

SNOWFALL (IN)
  YESTERDAY        0.0                                       0.0
  MONTH TO DATE    0.5                                       0.0
  SINCE MAR 1      8.2                                        T
  SINCE JUL 1     13.9                                       5.9
  SNOW DEPTH       0

DEGREE DAYS
 HEATING
  YESTERDAY        5                         9     -4        1
  MONTH TO DATE  239                       209     30      100
  SINCE MAR 1    961                       804    157      639
  SINCE JUL 1   4189                      4228    -39     3348

 COOLING
  YESTERDAY        0                         1     -1        0
  MONTH TO DATE   11                         6      5       16
  SINCE MAR 1     11                         8      3       16
  SINCE JAN 1     11                         8      3       17
..................................................................


WIND (MPH)
  HIGHEST WIND SPEED    21   HIGHEST WIND DIRECTION     S (200)
  HIGHEST GUST SPEED    28   HIGHEST GUST DIRECTION    SW (210)
  AVERAGE WIND SPEED     7.0


SKY COVER
  AVERAGE SKY COVER 0.4


WEATHER CONDITIONS
 THE FOLLOWING WEATHER WAS RECORDED YESTERDAY.
  NO SIGNIFICANT WEATHER WAS OBSERVED.


RELATIVE HUMIDITY (PERCENT)
 HIGHEST    65           500 AM
 LOWEST     32           500 PM
 AVERAGE    49

..........................................................


THE LYNCHBURG VA CLIMATE NORMALS FOR TODAY
                         NORMAL    RECORD    YEAR
 MAXIMUM TEMPERATURE (F)   69        92      1941
                                             1896
 MINIMUM TEMPERATURE (F)   44        28      2001
                                             1936


SUNRISE AND SUNSET
APRIL 19 2018.........SUNRISE   637 AM EDT   SUNSET   756 PM EDT
APRIL 20 2018.........SUNRISE   635 AM EDT   SUNSET   757 PM EDT


-  INDICATES NEGATIVE NUMBERS.
R  INDICATES RECORD WAS SET OR TIED.
MM INDICATES DATA IS MISSING.
T  INDICATES TRACE AMOUNT.

$$
RCS
