000
CDUS42 KTAE 200634
CLIMAI


CLIMATE REPORT
NATIONAL WEATHER SERVICE TALLAHASSEE FL
234 AM EDT FRI APR 20 2018


...................................

...THE MARIANNA CLIMATE SUMMARY FOR APRIL 19 2018...

CLIMATE NORMAL PERIOD 1981 TO 2010
CLIMATE RECORD PERIOD 1950 TO 2018


WEATHER ITEM   OBSERVED NORMAL DEPARTURE LAST
                VALUE   VALUE  FROM      YEAR
                               NORMAL
...............................................
TEMPERATURE (F)
 YESTERDAY
  MAXIMUM         85     81      4       88
  MINIMUM         59     54      5       63
  AVERAGE         72     67      5       76

PRECIPITATION (IN)
  YESTERDAY        0.00   0.11  -0.11     0.00
  MONTH TO DATE    0.49   2.85  -2.36     1.94
  SINCE MAR 1      4.57   8.39  -3.82     4.02
  SINCE JAN 1     18.71  18.37   0.34    14.42

DEGREE DAYS
 HEATING
  YESTERDAY        0            -2
  MONTH TO DATE   40           -13
  SINCE MAR 1    224            -9
  SINCE JUL 1   1363          -275

 COOLING
  YESTERDAY        7             3
  MONTH TO DATE   39           -17
  SINCE MAR 1     85            -3
  SINCE JAN 1    193            90
...............................................


WIND (MPH)
  HIGHEST WIND SPEED    18   HIGHEST WIND DIRECTION     W (280)
  HIGHEST GUST SPEED    25   HIGHEST GUST DIRECTION     W (270)
  AVERAGE WIND SPEED    10.3




RELATIVE HUMIDITY (PERCENT)
 HIGHEST   100
 LOWEST     36
 AVERAGE    68

..........................................................




SUNRISE AND SUNSET
APRIL 20 2018.........SUNRISE   608 AM CDT   SUNSET   712 PM CDT
APRIL 21 2018.........SUNRISE   607 AM CDT   SUNSET   713 PM CDT


-  INDICATES NEGATIVE NUMBERS.
R  INDICATES RECORD WAS SET OR TIED.
MM INDICATES DATA IS MISSING.
T  INDICATES TRACE AMOUNT.




$$
