032
CDUS42 KMLB 262015
CLIMCO


CLIMATE REPORT
NATIONAL WEATHER SERVICE MELBOURNE FL
415 PM EDT THU APR 26 2018


...................................

...THE ORLANDO  CLIMATE SUMMARY FOR APRIL 26 2018...
VALID TODAY AS OF 0400 PM LOCAL TIME.

CLIMATE NORMAL PERIOD 1981 TO 2010
CLIMATE RECORD PERIOD 1892 TO 2018


WEATHER ITEM   OBSERVED TIME   RECORD YEAR NORMAL DEPARTURE LAST
                VALUE   (LST)  VALUE       VALUE  FROM      YEAR
                                                  NORMAL
..................................................................
TEMPERATURE (F)
 TODAY
  MAXIMUM         84    259 PM  98    1908  84      0       86
  MINIMUM         58    612 AM  47    1910  62     -4       53
  AVERAGE         71                        73     -2       70

PRECIPITATION (IN)
  TODAY            0.00          1.37 1952   0.07  -0.07     0.00
  MONTH TO DATE    2.14                      2.39  -0.25      T
  SINCE MAR 1      2.97                      6.16  -3.19     0.10
  SINCE JAN 1      5.43                     10.89  -5.46     3.03

SNOWFALL (IN)
  TODAY            0.0
  MONTH TO DATE    0.0
  SINCE MAR 1      0.0
  SINCE JUL 1      0.0

DEGREE DAYS
 HEATING
  TODAY            0                         0      0        0
  MONTH TO DATE    0                        11    -11        3
  SINCE MAR 1     83                        70     13       40
  SINCE JUL 1    467                       569   -102      209

 COOLING
  TODAY            6                         8     -2        5
  MONTH TO DATE  213                       165     48      228
  SINCE MAR 1    306                       283     23      391
  SINCE JAN 1    553                       387    166      592
..................................................................


WIND (MPH)
  HIGHEST WIND SPEED    14   HIGHEST WIND DIRECTION    SW (240)
  HIGHEST GUST SPEED    21   HIGHEST GUST DIRECTION     W (250)
  AVERAGE WIND SPEED     5.8


SKY COVER
  AVERAGE SKY COVER 0.2


WEATHER CONDITIONS
 THE FOLLOWING WEATHER WAS RECORDED TODAY.
  NO SIGNIFICANT WEATHER WAS OBSERVED.


RELATIVE HUMIDITY (PERCENT)
 HIGHEST   100           300 AM
 LOWEST     43           300 PM
 AVERAGE    72

..........................................................


THE ORLANDO  CLIMATE NORMALS FOR TOMORROW
                         NORMAL    RECORD    YEAR
 MAXIMUM TEMPERATURE (F)   85        97      1908
 MINIMUM TEMPERATURE (F)   62        46      1926
                                             1910


SUNRISE AND SUNSET
APRIL 26 2018.........SUNRISE   649 AM EDT   SUNSET   757 PM EDT
APRIL 27 2018.........SUNRISE   648 AM EDT   SUNSET   758 PM EDT


-  INDICATES NEGATIVE NUMBERS.
R  INDICATES RECORD WAS SET OR TIED.
MM INDICATES DATA IS MISSING.
T  INDICATES TRACE AMOUNT.




$$
