000
CDUS44 KMEG 220637
CLIMEG


CLIMATE REPORT
NATIONAL WEATHER SERVICE MEMPHIS TN
136 AM CDT SUN APR 22 2018


...................................

...THE MEMPHIS/GERMANTOWN WFO CLIMATE SUMMARY FOR APRIL 21 2018...

CLIMATE NORMAL PERIOD 1981 TO 2010
CLIMATE RECORD PERIOD 1988 TO 2018


WEATHER ITEM   OBSERVED TIME   RECORD YEAR NORMAL DEPARTURE LAST
                VALUE   (LST)  VALUE       VALUE  FROM      YEAR
                                                  NORMAL
..................................................................
TEMPERATURE (F)
 YESTERDAY
  MAXIMUM         76    213 PM  85    2008  74      2       77
  MINIMUM         41R   536 AM  42    2015  51    -10       58
                                      1993
  AVERAGE         59                        62     -3       68

PRECIPITATION (IN)
  YESTERDAY        0.02          1.50 2006   0.18  -0.16     0.45
  MONTH TO DATE    3.69                      3.63   0.06     1.68
  SINCE MAR 1      9.07                      8.58   0.49     6.41
  SINCE JAN 1     27.89                     17.21  10.68    11.62

SNOWFALL (IN)
  YESTERDAY        0.0          MM      MM                   0.0
  MONTH TO DATE    0.0                                       0.0
  SINCE MAR 1      0.0                                       0.4
  SINCE JUL 1      3.8                                       1.4
  SNOW DEPTH       0

DEGREE DAYS
 HEATING
  YESTERDAY        6                         5      1        0
  MONTH TO DATE  248                       156     92       34
  SINCE MAR 1    610                       592     18      341
  SINCE JUL 1   3164                      3338   -174     2182

 COOLING
  YESTERDAY        0                         2     -2        3
  MONTH TO DATE   14                        32    -18       82
  SINCE MAR 1     16                        43    -27      115
  SINCE JAN 1     29                        44    -15      129
..................................................................







THE MEMPHIS/GERMANTOWN WFO CLIMATE NORMALS FOR TODAY
                         NORMAL    RECORD    YEAR
 MAXIMUM TEMPERATURE (F)   74        85      1994
 MINIMUM TEMPERATURE (F)   51        35      1993


SUNRISE AND SUNSET
APRIL 22 2018.........SUNRISE   618 AM CDT   SUNSET   738 PM CDT
APRIL 23 2018.........SUNRISE   617 AM CDT   SUNSET   738 PM CDT


-  INDICATES NEGATIVE NUMBERS.
R  INDICATES RECORD WAS SET OR TIED.
MM INDICATES DATA IS MISSING.
T  INDICATES TRACE AMOUNT.




$$
