000
CDUS46 KMFR 220038
CLIMFR


CLIMATE REPORT
NATIONAL WEATHER SERVICE MEDFORD, OR
538 PM PDT MON MAY 21 2018


...................................

...THE MEDFORD OR CLIMATE SUMMARY FOR MAY 21 2018...
VALID TODAY AS OF 0500 PM LOCAL TIME.

CLIMATE NORMAL PERIOD 1981 TO 2010
CLIMATE RECORD PERIOD 1911 TO 2018


WEATHER ITEM   OBSERVED TIME   RECORD YEAR NORMAL DEPARTURE LAST
                VALUE   (LST)  VALUE       VALUE  FROM      YEAR
                                                  NORMAL
..................................................................
TEMPERATURE (F)
 TODAY
  MAXIMUM         82    351 PM  96    2001  75      7       90
  MINIMUM         47    425 AM  30    1918  47      0       48
  AVERAGE         65                        61      4       69

PRECIPITATION (IN)
  TODAY            0.00          0.80 1996   0.04  -0.04     0.00
  MONTH TO DATE    0.55                      0.90  -0.35     0.58
  SINCE OCT 1     10.56                     16.07  -5.51    24.27
  SINCE JAN 1      5.95                      8.43  -2.48    12.58

SNOWFALL (IN)
  TODAY            0.0                       0.0    0.0      0.0
  MONTH TO DATE    0.0                       0.0    0.0      0.0
  SINCE JUL 1      4.2                       4.1    0.1     11.8
  SNOW DEPTH       0

DEGREE DAYS
 HEATING
  TODAY            0                         5     -5        0
  MONTH TO DATE   49                       152   -103      128
  SINCE MAR 1    959                      1037    -78      971
  SINCE JUL 1   4052                      4151    -99     4016

 COOLING
  TODAY            0                         1     -1        4
  MONTH TO DATE   21                        20      1       26
  SINCE MAR 1     29                        23      6       26
  SINCE JAN 1     29                        23      6       26
..................................................................


WIND (MPH)
  HIGHEST WIND SPEED    13   HIGHEST WIND DIRECTION    NW (300)
  HIGHEST GUST SPEED    18   HIGHEST GUST DIRECTION     W (290)
  AVERAGE WIND SPEED     3.8


SKY COVER
  POSSIBLE SUNSHINE  MM
  AVERAGE SKY COVER 0.3


WEATHER CONDITIONS
 THE FOLLOWING WEATHER WAS RECORDED TODAY.
  NO SIGNIFICANT WEATHER WAS OBSERVED.


RELATIVE HUMIDITY (PERCENT)
 HIGHEST    93           400 AM
 LOWEST     30           300 PM
 AVERAGE    62

..........................................................


THE MEDFORD OR CLIMATE NORMALS FOR TOMORROW
                         NORMAL    RECORD    YEAR
 MAXIMUM TEMPERATURE (F)   75       100      2001
                                             1941
 MINIMUM TEMPERATURE (F)   47        33      1964
                                             1920


SUNRISE AND SUNSET
MAY 21 2018...........SUNRISE   544 AM PDT   SUNSET   832 PM PDT
MAY 22 2018...........SUNRISE   544 AM PDT   SUNSET   833 PM PDT


-  INDICATES NEGATIVE NUMBERS.
R  INDICATES RECORD WAS SET OR TIED.
MM INDICATES DATA IS MISSING.
T  INDICATES TRACE AMOUNT.




$$
