000
CDUS42 KMFL 230828
CLIMIA


CLIMATE REPORT
NATIONAL WEATHER SERVICE MIAMI, FL
428 AM EDT WED MAY 23 2018


...................................

...THE MIAMI CLIMATE SUMMARY FOR MAY 22 2018...

CLIMATE NORMAL PERIOD 1981 TO 2010
CLIMATE RECORD PERIOD 1895 TO 2018


WEATHER ITEM   OBSERVED TIME   RECORD YEAR NORMAL DEPARTURE LAST
                VALUE   (LST)  VALUE       VALUE  FROM      YEAR
                                                  NORMAL
..................................................................
TEMPERATURE (F)
 YESTERDAY
  MAXIMUM         84    158 PM  95    1990  88     -4       88
  MINIMUM         77   1159 PM  63    1948  74      3       77
                                      1937
  AVERAGE         81                        81      0       83

PRECIPITATION (IN)
  YESTERDAY        T             9.70 2012   0.20  -0.20     0.00
  MONTH TO DATE    8.44                      3.19   5.25     2.03
  SINCE NOV 1     18.88                     18.51   0.37    16.09
  SINCE JAN 1     13.81                     13.20   0.61    12.82

SNOWFALL (IN)
  YESTERDAY        0.0
  MONTH TO DATE    0.0
  SINCE MAR 1      0.0
  SINCE JUL 1      0.0
  SNOW DEPTH       0

DEGREE DAYS
 HEATING
  YESTERDAY        0                         0      0        0
  MONTH TO DATE    0                         0      0        0
  SINCE MAR 1      7                        12     -5        3
  SINCE JUL 1     85                       128    -43       17

 COOLING
  YESTERDAY       16                        16      0       18
  MONTH TO DATE  295                       316    -21      357
  SINCE MAR 1    858                       887    -29     1024
  SINCE JAN 1   1339                      1209    130     1518
..................................................................


WIND (MPH)
  HIGHEST WIND SPEED    22   HIGHEST WIND DIRECTION     E (110)
  HIGHEST GUST SPEED    27   HIGHEST GUST DIRECTION    SE (120)
  AVERAGE WIND SPEED    13.5


SKY COVER
  POSSIBLE SUNSHINE  MM
  AVERAGE SKY COVER 0.8


WEATHER CONDITIONS
 THE FOLLOWING WEATHER WAS RECORDED YESTERDAY.
  LIGHT RAIN


RELATIVE HUMIDITY (PERCENT)
 HIGHEST    88
 LOWEST     69
 AVERAGE    79

..........................................................


THE MIAMI CLIMATE NORMALS FOR TODAY
                         NORMAL    RECORD    YEAR
 MAXIMUM TEMPERATURE (F)   88        94      1951
                                             1940
 MINIMUM TEMPERATURE (F)   74        60      1940


SUNRISE AND SUNSET
MAY 23 2018...........SUNRISE   632 AM EDT   SUNSET   804 PM EDT
MAY 24 2018...........SUNRISE   632 AM EDT   SUNSET   805 PM EDT


-  INDICATES NEGATIVE NUMBERS.
R  INDICATES RECORD WAS SET OR TIED.
MM INDICATES DATA IS MISSING.
T  INDICATES TRACE AMOUNT.




$$
