000
CDUS42 KMLB 210631
CLIMLB


CLIMATE REPORT
NATIONAL WEATHER SERVICE MELBOURNE FL
230 AM EDT SAT APR 21 2018


...................................

...THE MELBOURNE CLIMATE SUMMARY FOR APRIL 20 2018...

CLIMATE NORMAL PERIOD 1981 TO 2010
CLIMATE RECORD PERIOD 1939 TO 2018


WEATHER ITEM   OBSERVED TIME   RECORD YEAR NORMAL DEPARTURE LAST
                VALUE   (LST)  VALUE       VALUE  FROM      YEAR
                                                  NORMAL
..................................................................
TEMPERATURE (F)
 YESTERDAY
  MAXIMUM         81    506 PM  91    1944  81      0       83
  MINIMUM         60    444 AM  50    1999  61     -1       74
  AVERAGE         71                        71      0       79

PRECIPITATION (IN)
  YESTERDAY        0.00          1.28 2012   0.07  -0.07     0.00
  MONTH TO DATE    1.29                      1.48  -0.19     0.19
  SINCE MAR 1      1.74                      4.76  -3.02     0.60
  SINCE JAN 1      4.91                      9.56  -4.65     5.49

SNOWFALL (IN)
  YESTERDAY        0.0
  MONTH TO DATE    0.0
  SINCE JUL 1      0.0

DEGREE DAYS
 HEATING
  YESTERDAY        0                         0      0        0
  MONTH TO DATE    2                        15    -13        3
  SINCE MAR 1     89                        86      3       42
  SINCE JUL 1    342                       575   -233      220

 COOLING
  YESTERDAY        6                         6      0       14
  MONTH TO DATE  179                       103     76      204
  SINCE MAR 1    307                       202    105      389
  SINCE JAN 1    640                       300    340      567
..................................................................


WIND (MPH)
  HIGHEST WIND SPEED    14   HIGHEST WIND DIRECTION    NE (30)
  HIGHEST GUST SPEED    16   HIGHEST GUST DIRECTION     E (70)
  AVERAGE WIND SPEED     6.1


SKY COVER
  AVERAGE SKY COVER 0.1


WEATHER CONDITIONS
 THE FOLLOWING WEATHER WAS RECORDED YESTERDAY.
  NO SIGNIFICANT WEATHER WAS OBSERVED.


RELATIVE HUMIDITY (PERCENT)
 HIGHEST    93           400 AM
 LOWEST     54           400 PM
 AVERAGE    74

..........................................................


THE MELBOURNE CLIMATE NORMALS FOR TODAY
                         NORMAL    RECORD    YEAR
 MAXIMUM TEMPERATURE (F)   82        92      1944
 MINIMUM TEMPERATURE (F)   61        49      1953


SUNRISE AND SUNSET
APRIL 21 2018.........SUNRISE   652 AM EDT   SUNSET   751 PM EDT
APRIL 22 2018.........SUNRISE   651 AM EDT   SUNSET   752 PM EDT


-  INDICATES NEGATIVE NUMBERS.
R  INDICATES RECORD WAS SET OR TIED.
MM INDICATES DATA IS MISSING.
T  INDICATES TRACE AMOUNT.




$$
