000
CDUS43 KDVN 200936
CLIMLI


CLIMATE REPORT
NATIONAL WEATHER SERVICE QUAD CITIES IA IL
434 AM CDT FRI APR 20 2018


...................................

...THE MOLINE IL CLIMATE SUMMARY FOR APRIL 19 2018...

CLIMATE NORMAL PERIOD 1981 TO 2010
CLIMATE RECORD PERIOD 1872 TO 2018


WEATHER ITEM   OBSERVED TIME   RECORD YEAR NORMAL DEPARTURE LAST
                VALUE   (LST)  VALUE       VALUE  FROM      YEAR
                                                  NORMAL
..................................................................
TEMPERATURE (F)
 YESTERDAY
  MAXIMUM         56    439 PM  86    1985  64     -8       73
  MINIMUM         28   1147 PM  23    1983  42    -14       59
  AVERAGE         42                        53    -11       66

PRECIPITATION (IN)
  YESTERDAY        T             2.01 1929   0.12  -0.12     0.46
  MONTH TO DATE    0.95                      2.18  -1.23     3.20
  SINCE MAR 1      4.23                      5.04  -0.81     6.69
  SINCE JAN 1      8.06                      8.13  -0.07     9.10

SNOWFALL (IN)
  YESTERDAY        T            MM      MM   0.1   -0.1      0.0
  MONTH TO DATE    3.2                       0.9    2.3      0.0
  SINCE MAR 1     13.6                       4.9    8.7      5.9
  SINCE JUL 1     41.7                      31.6   10.1     22.4
  SNOW DEPTH       T

DEGREE DAYS
 HEATING
  YESTERDAY       23                        13     10        0
  MONTH TO DATE  530                       303    227      181
  SINCE MAR 1   1377                      1107    270      927
  SINCE JUL 1   6004                      5905     99     4730

 COOLING
  YESTERDAY        0                         1     -1        1
  MONTH TO DATE    0                         3     -3       14
  SINCE MAR 1      0                         4     -4       14
  SINCE JAN 1      0                         4     -4       14
..................................................................


WIND (MPH)
  HIGHEST WIND SPEED    15   HIGHEST WIND DIRECTION    NW (310)
  HIGHEST GUST SPEED    20   HIGHEST GUST DIRECTION    NW (310)
  AVERAGE WIND SPEED     7.3


SKY COVER
  POSSIBLE SUNSHINE  MM
  AVERAGE SKY COVER 0.2


WEATHER CONDITIONS
 THE FOLLOWING WEATHER WAS RECORDED YESTERDAY.
  LIGHT RAIN


RELATIVE HUMIDITY (PERCENT)
 HIGHEST    89           100 AM
 LOWEST     30           400 PM
 AVERAGE    60

..........................................................


THE MOLINE IL CLIMATE NORMALS FOR TODAY
                         NORMAL    RECORD    YEAR
 MAXIMUM TEMPERATURE (F)   64        90      1987
 MINIMUM TEMPERATURE (F)   42        25      1983


SUNRISE AND SUNSET
APRIL 20 2018.........SUNRISE   615 AM CDT   SUNSET   748 PM CDT
APRIL 21 2018.........SUNRISE   613 AM CDT   SUNSET   749 PM CDT


-  INDICATES NEGATIVE NUMBERS.
R  INDICATES RECORD WAS SET OR TIED.
MM INDICATES DATA IS MISSING.
T  INDICATES TRACE AMOUNT.




$$
