000
CDUS46 KPQR 230226
CLIMMV


CLIMATE REPORT
NATIONAL WEATHER SERVICE PORTLAND OREGON
725 PM PDT TUE MAY 22 2018


...................................

...THE MCMINNVILLE OR CLIMATE SUMMARY FOR MAY 22 2018...
VALID TODAY AS OF 0700 PM LOCAL TIME.

CLIMATE NORMAL PERIOD 1981 TO 2010
CLIMATE RECORD PERIOD 1894 TO 2018


WEATHER ITEM   OBSERVED TIME   RECORD YEAR NORMAL DEPARTURE LAST
                VALUE   (LST)  VALUE       VALUE  FROM      YEAR
                                                  NORMAL
..................................................................
TEMPERATURE (F)
 TODAY
  MAXIMUM         83    355 PM  92    2001  69     14       91
  MINIMUM         46    505 AM  31    1955  44      2       55
  AVERAGE         65                        56      9       73

PRECIPITATION (IN)
  TODAY            0.00                      0.08  -0.08     0.00
  MONTH TO DATE    0.20                      1.58  -1.38     1.94
  SINCE OCT 1     31.74                     35.09  -3.35    52.45
  SINCE JAN 1     16.20                     19.06  -2.86    28.64

DEGREE DAYS
 HEATING
  TODAY            0                                         0
  MONTH TO DATE  138                                       194
  SINCE MAR 1   1186                                      1181
  SINCE JUL 1   4143                                      4477

 COOLING
  TODAY            0                                         8
  MONTH TO DATE    2                                        18
  SINCE MAR 1      2                                        18
  SINCE JAN 1      2                                        18
..................................................................


WIND (MPH)
  HIGHEST WIND SPEED    16   HIGHEST WIND DIRECTION    SW (220)
  HIGHEST GUST SPEED    20   HIGHEST GUST DIRECTION    SW (220)
  AVERAGE WIND SPEED     2.6


SKY COVER
  POSSIBLE SUNSHINE  MM
  AVERAGE SKY COVER 0.0


WEATHER CONDITIONS
 THE FOLLOWING WEATHER WAS RECORDED TODAY.
  FOG


RELATIVE HUMIDITY (PERCENT)
 HIGHEST   100           100 AM
 LOWEST     30           200 PM
 AVERAGE    65

..........................................................


THE MCMINNVILLE OR CLIMATE NORMALS FOR TOMORROW
                         NORMAL    RECORD    YEAR
 MAXIMUM TEMPERATURE (F)   69        91      1938
 MINIMUM TEMPERATURE (F)   44        31      1955


SUNRISE AND SUNSET
MAY 22 2018...........SUNRISE   436 AM PST   SUNSET   743 PM PST
MAY 23 2018...........SUNRISE   435 AM PST   SUNSET   744 PM PST


-  INDICATES NEGATIVE NUMBERS.
R  INDICATES RECORD WAS SET OR TIED.
MM INDICATES DATA IS MISSING.
T  INDICATES TRACE AMOUNT.




$$
