000
CDUS43 KBIS 190724
CLIMOT


CLIMATE REPORT
NATIONAL WEATHER SERVICE BISMARCK ND
223 AM CDT THU APR 19 2018


...................................

...THE MINOT ND CLIMATE SUMMARY FOR APRIL 18 2018...

CLIMATE NORMAL PERIOD 1981 TO 2010
CLIMATE RECORD PERIOD 1897 TO 2018


WEATHER ITEM   OBSERVED TIME   RECORD YEAR NORMAL DEPARTURE LAST
                VALUE   (LST)  VALUE       VALUE  FROM      YEAR
                                                  NORMAL
..................................................................
TEMPERATURE (F)
 YESTERDAY
  MAXIMUM         48    451 PM  87    1898  57     -9       50
  MINIMUM         31    506 AM   0    1904  33     -2       34
  AVERAGE         40                        45     -5       42

PRECIPITATION (IN)
  YESTERDAY        0.00          1.03 1914   0.03  -0.03      T
  MONTH TO DATE    0.01                      0.57  -0.56     0.15
  SINCE MAR 1      0.64                      1.41  -0.77     0.46
  SINCE JAN 1      0.75                      2.32  -1.57     0.60

DEGREE DAYS
 HEATING
  YESTERDAY       25                        20      5       23
  MONTH TO DATE  728                       441    287      337
  SINCE MAR 1   1965                      1580    385     1488
  SINCE JUL 1   8483                      8156    327     7424

 COOLING
  YESTERDAY        0                         0      0        0
  MONTH TO DATE    0                         0      0        0
  SINCE MAR 1      0                         0      0        0
  SINCE JAN 1      0                         0      0        0
..................................................................


WIND (MPH)
  HIGHEST WIND SPEED    15   HIGHEST WIND DIRECTION    NW (300)
  HIGHEST GUST SPEED    19   HIGHEST GUST DIRECTION    NW (300)
  AVERAGE WIND SPEED     4.7


SKY COVER
  POSSIBLE SUNSHINE  MM
  AVERAGE SKY COVER 0.5


WEATHER CONDITIONS
 THE FOLLOWING WEATHER WAS RECORDED YESTERDAY.
  FOG
  HAZE


RELATIVE HUMIDITY (PERCENT)
 HIGHEST    89          1100 PM
 LOWEST     61           300 PM
 AVERAGE    75

..........................................................


THE MINOT ND CLIMATE NORMALS FOR TODAY
                         NORMAL    RECORD    YEAR
 MAXIMUM TEMPERATURE (F)   57        86      1910
 MINIMUM TEMPERATURE (F)   33        -1      1922


SUNRISE AND SUNSET
APRIL 19 2018.........SUNRISE   648 AM CDT   SUNSET   842 PM CDT
APRIL 20 2018.........SUNRISE   646 AM CDT   SUNSET   843 PM CDT


-  INDICATES NEGATIVE NUMBERS.
R  INDICATES RECORD WAS SET OR TIED.
MM INDICATES DATA IS MISSING.
T  INDICATES TRACE AMOUNT.




$$
