000
CDUS41 KBTV 260541
CLIMSS


CLIMATE REPORT
NATIONAL WEATHER SERVICE BURLINGTON VT
136 AM EDT SAT MAY 26 2018


...................................

...THE MASSENA NY CLIMATE SUMMARY FOR MAY 25 2018...

CLIMATE NORMAL PERIOD 1981 TO 2010
CLIMATE RECORD PERIOD 1948 TO 2018


WEATHER ITEM   OBSERVED TIME   RECORD YEAR NORMAL DEPARTURE LAST
                VALUE   (LST)  VALUE       VALUE  FROM      YEAR
                                                  NORMAL
..................................................................
TEMPERATURE (F)
 YESTERDAY
  MAXIMUM         79    220 PM  89    2010  69     10       67
  MINIMUM         61   1044 PM  28    2002  47     14       55
  AVERAGE         70                        58     12       61

PRECIPITATION (IN)
  YESTERDAY        0.06          0.90        0.10  -0.04     0.55
  MONTH TO DATE    1.60                      2.46  -0.86     4.33
  SINCE MAR 1      5.74                      7.37  -1.63    10.11
  SINCE JAN 1      8.97                     11.32  -2.35    13.54

DEGREE DAYS
 HEATING
  YESTERDAY        0                         8     -8        4
  MONTH TO DATE  196                       278    -82      293
  SINCE MAR 1   2086                      2073     13     2064
  SINCE JUL 1   7284                      8060   -776     6990

 COOLING
  YESTERDAY        5                         1      4        0
  MONTH TO DATE    9                         6      3       14
  SINCE MAR 1      9                         7      2       16
  SINCE JAN 1      9                         7      2       16
..................................................................


WIND (MPH)
  HIGHEST WIND SPEED    22   HIGHEST WIND DIRECTION    SW (220)
  HIGHEST GUST SPEED    31   HIGHEST GUST DIRECTION    SW (240)
  AVERAGE WIND SPEED    10.6


SKY COVER
  AVERAGE SKY COVER 0.6


WEATHER CONDITIONS
 THE FOLLOWING WEATHER WAS RECORDED YESTERDAY.
  LIGHT RAIN
  FOG


RELATIVE HUMIDITY (PERCENT)
 HIGHEST   100           600 PM
 LOWEST     50           300 PM
 AVERAGE    75

..........................................................


THE MASSENA NY CLIMATE NORMALS FOR TODAY
                         NORMAL    RECORD    YEAR
 MAXIMUM TEMPERATURE (F)   70        96      2010
 MINIMUM TEMPERATURE (F)   47        32      1972


SUNRISE AND SUNSET
MAY 26 2018...........SUNRISE   520 AM EDT   SUNSET   833 PM EDT
MAY 27 2018...........SUNRISE   519 AM EDT   SUNSET   834 PM EDT


-  INDICATES NEGATIVE NUMBERS.
R  INDICATES RECORD WAS SET OR TIED.
MM INDICATES DATA IS MISSING.
T  INDICATES TRACE AMOUNT.




$$
