000
CDUS43 KILX 200631
CLIMTO


CLIMATE REPORT
NATIONAL WEATHER SERVICE LINCOLN IL
130 AM CDT SUN MAY 20 2018


...................................

...THE MATTOON IL AIRPORT CLIMATE SUMMARY FOR MAY 19 2018...

CLIMATE NORMAL PERIOD 1981 TO 2010
CLIMATE RECORD PERIOD 9999 TO 9999


WEATHER ITEM   OBSERVED TIME   RECORD YEAR NORMAL DEPARTURE LAST
                VALUE   (LST)  VALUE       VALUE  FROM      YEAR
                                                  NORMAL
..................................................................
TEMPERATURE (F)
 YESTERDAY
  MAXIMUM         81    346 PM  MM      MM  74      7       79
  MINIMUM         66    416 AM  MM      MM  54     12       54
  AVERAGE         74                        64     10       67

PRECIPITATION (IN)
  YESTERDAY        0.36         MM      MM   0.15   0.21     0.32
  MONTH TO DATE    3.28                      2.88   0.40     4.60
  SINCE MAR 1     11.81                      8.88   2.93    12.62
  SINCE JAN 1     15.23                     12.86   2.37    14.45

DEGREE DAYS
 HEATING
  YESTERDAY        0                         4     -4        0
  MONTH TO DATE    9                        98    -89      118
  SINCE MAR 1   1363                      1156    207     1005
  SINCE JUL 1   5456                      5360     96     4386

 COOLING
  YESTERDAY        9                         3      6        2
  MONTH TO DATE  106                        33     73       55
  SINCE MAR 1    106                        47     59       76
  SINCE JAN 1    106                        47     59       76
..................................................................


WIND (MPH)
  HIGHEST WIND SPEED    14   HIGHEST WIND DIRECTION     W (280)
  HIGHEST GUST SPEED    21   HIGHEST GUST DIRECTION    SW (220)
  AVERAGE WIND SPEED     6.0


SKY COVER
  POSSIBLE SUNSHINE  MM
  AVERAGE SKY COVER 0.5


WEATHER CONDITIONS
 THE FOLLOWING WEATHER WAS RECORDED YESTERDAY.
  HEAVY RAIN
  RAIN
  LIGHT RAIN
  FOG


RELATIVE HUMIDITY (PERCENT)
 HIGHEST   100           100 AM
 LOWEST     62           200 PM
 AVERAGE    81

..........................................................


THE MATTOON IL AIRPORT CLIMATE NORMALS FOR TODAY
                         NORMAL    RECORD    YEAR
 MAXIMUM TEMPERATURE (F)   75        MM        MM
 MINIMUM TEMPERATURE (F)   54        MM        MM


SUNRISE AND SUNSET
MAY 20 2018...........SUNRISE   535 AM CDT   SUNSET   805 PM CDT
MAY 21 2018...........SUNRISE   534 AM CDT   SUNSET   806 PM CDT


-  INDICATES NEGATIVE NUMBERS.
R  INDICATES RECORD WAS SET OR TIED.
MM INDICATES DATA IS MISSING.
T  INDICATES TRACE AMOUNT.




$$
