000
CDUS43 KEAX 230032
CLIOJC


CLIMATE REPORT
NATIONAL WEATHER SERVICE KANSAS CITY/PLEASANT HILL MO
732 PM CDT SUN APR 22 2018


...................................

...THE JOHNSON COUNTY EXECUTIVE KS CLIMATE SUMMARY FOR APRIL 22 2018...
VALID TODAY AS OF 0700 PM LOCAL TIME.

CLIMATE NORMAL PERIOD 1981 TO 2010
CLIMATE RECORD PERIOD 9999 TO 9999


WEATHER ITEM   OBSERVED TIME   NORMAL DEPARTURE LAST
                VALUE   (LST)  VALUE  FROM      YEAR
                                      NORMAL
......................................................
TEMPERATURE (F)
 TODAY
  MAXIMUM         62    512 PM  67     -5       66
  MINIMUM         45    951 AM  47     -2       47
  AVERAGE         54            57     -3       57

PRECIPITATION (IN)
  TODAY            0.20          0.15   0.05      T
  MONTH TO DATE    0.55          2.61  -2.06     2.56
  SINCE MAR 1      3.78          5.24  -1.46     4.87
  SINCE JAN 1      5.19          7.93  -2.74     5.79

DEGREE DAYS
 HEATING
  TODAY           11             9      2        8
  MONTH TO DATE  479           257    222      165
  SINCE MAR 1   1124           881    243      682
  SINCE JUL 1   5012          4774    238     3822

 COOLING
  TODAY            0             1     -1        0
  MONTH TO DATE    4            14    -10       17
  SINCE MAR 1      4            15    -11       26
  SINCE JAN 1      4            15    -11       26
......................................................


WIND (MPH)
  HIGHEST WIND SPEED    21   HIGHEST WIND DIRECTION    NE (50)
  HIGHEST GUST SPEED    27   HIGHEST GUST DIRECTION    NE (50)
  AVERAGE WIND SPEED    13.4


SKY COVER
  AVERAGE SKY COVER 0.9


WEATHER CONDITIONS
 THE FOLLOWING WEATHER WAS RECORDED TODAY.
  LIGHT RAIN
  FOG


RELATIVE HUMIDITY (PERCENT)
 HIGHEST    93          1000 AM
 LOWEST     41          1200 AM
 AVERAGE    67

..........................................................


THE JOHNSON COUNTY EXECUTIVE KS CLIMATE NORMALS FOR TOMORROW
                         NORMAL
 MAXIMUM TEMPERATURE (F)   67
 MINIMUM TEMPERATURE (F)   48


SUNRISE AND SUNSET
APRIL 22 2018.........SUNRISE   633 AM CDT   SUNSET   803 PM CDT
APRIL 23 2018.........SUNRISE   631 AM CDT   SUNSET   804 PM CDT


-  INDICATES NEGATIVE NUMBERS.
R  INDICATES RECORD WAS SET OR TIED.
MM INDICATES DATA IS MISSING.
T  INDICATES TRACE AMOUNT.




$$
