000
CDUS46 KSEW 240119
CLIOLM


CLIMATE REPORT
NATIONAL WEATHER SERVICE SEATTLE WA
619 PM PDT MON APR 23 2018


...................................

...THE OLYMPIA WA AIRPORT CLIMATE SUMMARY FOR APRIL 23 2018...
VALID TODAY AS OF 0500 PM LOCAL TIME.

CLIMATE NORMAL PERIOD 1981 TO 2010
CLIMATE RECORD PERIOD 1948 TO 2018


WEATHER ITEM   OBSERVED TIME   RECORD YEAR NORMAL DEPARTURE LAST
                VALUE   (LST)  VALUE       VALUE  FROM      YEAR
                                                  NORMAL
..................................................................
TEMPERATURE (F)
 TODAY
  MAXIMUM         71    414 PM  76    2012  60     11       52
  MINIMUM         31    424 AM  26    1980  38     -7       38
  AVERAGE         51                        49      2       45

PRECIPITATION (IN)
  TODAY            0.00          2.31 1996   0.11  -0.11     0.36
  MONTH TO DATE    7.01                      2.87   4.14     4.49
  SINCE OCT 1     48.86                     41.96   6.90    56.93
  SINCE JAN 1     23.10                     21.27   1.83    28.83

DEGREE DAYS
 HEATING
  TODAY           14                        16     -2       20
  MONTH TO DATE  405                       397      8      395
  SINCE MAR 1   1093                      1033     60     1030
  SINCE JUL 1   4663                      4755    -92     4758

 COOLING
  TODAY            0                         0      0        0
  MONTH TO DATE    0                         0      0        0
  SINCE MAR 1      0                         0      0        0
  SINCE JAN 1      0                         0      0        0
..................................................................


WIND (MPH)
  RESULTANT WIND SPEED   5   RESULTANT WIND DIRECTION   N (10)
  HIGHEST WIND SPEED    15   HIGHEST WIND DIRECTION     N (10)
  HIGHEST GUST SPEED    21   HIGHEST GUST DIRECTION     N (20)
  AVERAGE WIND SPEED     5.5


SKY COVER
  AVERAGE SKY COVER 0.0


WEATHER CONDITIONS
 THE FOLLOWING WEATHER WAS RECORDED TODAY.
  NO SIGNIFICANT WEATHER WAS OBSERVED.


RELATIVE HUMIDITY (PERCENT)
 HIGHEST    96           400 AM
 LOWEST     32           100 PM
 AVERAGE    64

..........................................................


THE OLYMPIA WA AIRPORT CLIMATE NORMALS FOR TOMORROW
                         NORMAL    RECORD    YEAR
 MAXIMUM TEMPERATURE (F)   61        77      1999
                                             1977
 MINIMUM TEMPERATURE (F)   39        26      1971


SUNRISE AND SUNSET
APRIL 23 2018.........SUNRISE   609 AM PDT   SUNSET   811 PM PDT
APRIL 24 2018.........SUNRISE   608 AM PDT   SUNSET   813 PM PDT


-  INDICATES NEGATIVE NUMBERS.
R  INDICATES RECORD WAS SET OR TIED.
MM INDICATES DATA IS MISSING.
T  INDICATES TRACE AMOUNT.




$$
