000
CDUS45 KBOI 270937
CLIONO


CLIMATE REPORT
NATIONAL WEATHER SERVICE BOISE ID
336 AM MDT SUN MAY 27 2018


...................................

...THE ONTARIO OR CLIMATE SUMMARY FOR MAY 26 2018...

CLIMATE NORMAL PERIOD 1981 TO 2010
CLIMATE RECORD PERIOD 1948 TO 2018


WEATHER ITEM   OBSERVED TIME   RECORD YEAR NORMAL DEPARTURE LAST
                VALUE   (LST)  VALUE       VALUE  FROM      YEAR
                                                  NORMAL
..................................................................
TEMPERATURE (F)
 YESTERDAY
  MAXIMUM         80    245 PM 102    1966  78      2       78
  MINIMUM         53    503 AM  30    1975  47      6       50
  AVERAGE         67                        62      5       64

PRECIPITATION (IN)
  YESTERDAY        0.02          0.58 1987   0.04  -0.02     0.00
  MONTH TO DATE    0.89                      1.07  -0.18     1.28
  SINCE OCT 1      6.48                      8.27  -1.79    12.18
  SINCE JAN 1      3.77                      4.86  -1.09     8.86

DEGREE DAYS
 HEATING
  YESTERDAY        0                         4     -4        1
  MONTH TO DATE   37                       189   -152      163
  SINCE MAR 1   1010                      1300   -290     1143
  SINCE JUL 1   5187                      5930   -743     6017

 COOLING
  YESTERDAY        2                         2      0        0
  MONTH TO DATE   49                        25     24       14
  SINCE MAR 1     49                        26     23       14
  SINCE JAN 1     49                        26     23       14
..................................................................


WIND (MPH)
  HIGHEST WIND SPEED    26   HIGHEST WIND DIRECTION    NW (310)
  HIGHEST GUST SPEED    31   HIGHEST GUST DIRECTION    NW (300)
  AVERAGE WIND SPEED    11.7


SKY COVER
  AVERAGE SKY COVER 0.2


WEATHER CONDITIONS
 THE FOLLOWING WEATHER WAS RECORDED YESTERDAY.
  THUNDERSTORM
  LIGHT RAIN


RELATIVE HUMIDITY (PERCENT)
 HIGHEST    93           400 AM
 LOWEST     32           300 PM
 AVERAGE    63

..........................................................


THE ONTARIO OR CLIMATE NORMALS FOR TODAY
                         NORMAL    RECORD    YEAR
 MAXIMUM TEMPERATURE (F)   78        96      1958
 MINIMUM TEMPERATURE (F)   48        33      1954
                                             1953


SUNRISE AND SUNSET
MAY 27 2018...........SUNRISE   611 AM MDT   SUNSET   920 PM MDT
MAY 28 2018...........SUNRISE   610 AM MDT   SUNSET   921 PM MDT


-  INDICATES NEGATIVE NUMBERS.
R  INDICATES RECORD WAS SET OR TIED.
MM INDICATES DATA IS MISSING.
T  INDICATES TRACE AMOUNT.




$$
