000
CDUS41 KBOX 260550
CLIORH


CLIMATE REPORT
NATIONAL WEATHER SERVICE BOSTON/NORTON MA
139 AM EDT THU APR 26 2018


...................................

...THE WORCESTER MA CLIMATE SUMMARY FOR APRIL 25 2018...

CLIMATE NORMAL PERIOD 1981 TO 2010
CLIMATE RECORD PERIOD 1892 TO 2018


WEATHER ITEM   OBSERVED TIME   RECORD YEAR NORMAL DEPARTURE LAST
                VALUE   (LST)  VALUE       VALUE  FROM      YEAR
                                                  NORMAL
..................................................................
TEMPERATURE (F)
 YESTERDAY
  MAXIMUM         54    523 PM  86    2009  59     -5       50
  MINIMUM         45    754 AM  25    1927  40      5       43
                                      1919
  AVERAGE         50                        50      0       47

PRECIPITATION (IN)
  YESTERDAY        0.97          1.67 1898   0.13   0.84     0.38
  MONTH TO DATE    4.96                      3.46   1.50     4.25
  SINCE MAR 1      9.86                      7.67   2.19     8.26
  SINCE JAN 1     18.35                     14.39   3.96    14.61

SNOWFALL (IN)
  YESTERDAY        0.0           1.7  2002   0.0    0.0      0.0
  MONTH TO DATE    7.2                       2.6    4.6      2.9
  SINCE MAR 1     49.5                      14.0   35.5     20.5
  SINCE JUL 1     96.1                      63.9   32.2     78.3
  SNOW DEPTH      MM

DEGREE DAYS
 HEATING
  YESTERDAY       15                        15      0       18
  MONTH TO DATE  637                       499    138      424
  SINCE MAR 1   1606                      1438    168     1504
  SINCE JUL 1   6107                      6275   -168     5781

 COOLING
  YESTERDAY        0                         0      0        0
  MONTH TO DATE    0                         0      0        6
  SINCE MAR 1      0                         0      0        6
  SINCE JAN 1      0                         0      0        6
..................................................................


WIND (MPH)
  RESULTANT WIND SPEED   6   RESULTANT WIND DIRECTION   E (100)
  HIGHEST WIND SPEED    18   HIGHEST WIND DIRECTION    SE (140)
  HIGHEST GUST SPEED    24   HIGHEST GUST DIRECTION    SE (140)
  AVERAGE WIND SPEED     6.5


SKY COVER
  POSSIBLE SUNSHINE  MM
  AVERAGE SKY COVER 0.9


WEATHER CONDITIONS
 THE FOLLOWING WEATHER WAS RECORDED YESTERDAY.
  RAIN
  LIGHT RAIN
  FOG
  FOG W/VISIBILITY <= 1/4 MILE


RELATIVE HUMIDITY (PERCENT)
 HIGHEST   100           700 AM
 LOWEST     56           100 AM
 AVERAGE    78

..........................................................


THE WORCESTER MA CLIMATE NORMALS FOR TODAY
                         NORMAL    RECORD    YEAR
 MAXIMUM TEMPERATURE (F)   60        85      1915
 MINIMUM TEMPERATURE (F)   41        24      1919


SUNRISE AND SUNSET
APRIL 26 2018.........SUNRISE   550 AM EDT   SUNSET   741 PM EDT
APRIL 27 2018.........SUNRISE   548 AM EDT   SUNSET   742 PM EDT


-  INDICATES NEGATIVE NUMBERS.
R  INDICATES RECORD WAS SET OR TIED.
MM INDICATES DATA IS MISSING.
T  INDICATES TRACE AMOUNT.




$$
