041
CDAK49 PAFG 191222
CLIOTZ

CLIMATE REPORT
NATIONAL WEATHER SERVICE FAIRBANKS AK
422 AM AKDT THU APR 19 2018


...................................

...THE KOTZEBUE AK CLIMATE SUMMARY FOR APRIL 18 2018...

CLIMATE NORMAL PERIOD 1981 TO 2010
CLIMATE RECORD PERIOD 1920 TO 2018


WEATHER ITEM   OBSERVED TIME   RECORD YEAR NORMAL DEPARTURE LAST
                VALUE   (LST)  VALUE       VALUE  FROM      YEAR
                                                  NORMAL
..................................................................
TEMPERATURE (F)
 YESTERDAY
  MAXIMUM         36    502 PM  40    1953  23     13       32
  MINIMUM         22    758 AM -20    1975   7     15       13
  AVERAGE         29                        15     14       23

PRECIPITATION (IN)
  YESTERDAY        0.00          0.16 2007   0.02  -0.02     0.00
  MONTH TO DATE    0.03                      0.30  -0.27     0.05
  SINCE MAR 1      2.08                      0.74   1.34     0.08
  SINCE JAN 1      3.46                      2.02   1.44     1.67

SNOWFALL (IN)
  YESTERDAY        0.0           1.1  2008   0.2   -0.2      0.0
  MONTH TO DATE    0.2                       3.3   -3.1      1.3
  SINCE MAR 1     24.5                       9.2   15.3      2.0
  SINCE JUL 1    103.9                      56.8   47.1     52.2
  SNOW DEPTH      50

DEGREE DAYS
 HEATING
  YESTERDAY       36                        50    -14       42
  MONTH TO DATE  848                      1005   -157      806
  SINCE MAR 1   2459                      2987   -528     2975
  SINCE JUL 1  11145                     13232  -2087    11834

 COOLING
  YESTERDAY        0                         0      0        0
  MONTH TO DATE    0                         0      0        0
  SINCE MAR 1      0                         0      0        0
  SINCE JAN 1      0                         0      0        0
..................................................................


WIND (MPH)
  HIGHEST GUST SPEED    28   HIGHEST GUST DIRECTION     E (90)


SKY COVER
  AVERAGE SKY COVER 0.0


WEATHER CONDITIONS
 THE FOLLOWING WEATHER WAS RECORDED YESTERDAY.
  NO SIGNIFICANT WEATHER WAS OBSERVED.


RELATIVE HUMIDITY (PERCENT)
 HIGHEST    69
 LOWEST     53
 AVERAGE    61

..........................................................


THE KOTZEBUE AK CLIMATE NORMALS FOR TODAY
                         NORMAL    RECORD    YEAR
 MAXIMUM TEMPERATURE (F)   23        41      1983
 MINIMUM TEMPERATURE (F)    8       -23      1985


SUNRISE AND SUNSET
APRIL 19 2018.........SUNRISE   648 AM AKDT  SUNSET  1054 PM AKDT
APRIL 20 2018.........SUNRISE   644 AM AKDT  SUNSET  1058 PM AKDT

-  INDICATES NEGATIVE NUMBERS.
R  INDICATES RECORD WAS SET OR TIED.
MM INDICATES DATA IS MISSING.
T  INDICATES TRACE AMOUNT.

&&

SNOW DEPTH IS MEASURED AT 3AM AKST/4AM AKDT.

----------------------------
AVAILABLE DAYLIGHT

AMOUNT OF DAYLIGHT TODAY  (HOUR:MIN)........16:06
GAIN/LOSS SINCE YESTERDAY (HOUR:MIN:SEC)....+0:07:48

$$
HFL APR 18
