000
CDUS44 KLZK 260636
CLIPBF


CLIMATE REPORT
NATIONAL WEATHER SERVICE LITTLE ROCK AR
135 AM CDT SAT MAY 26 2018


...................................

...THE PINE BLUFF CLIMATE SUMMARY FOR MAY 25 2018...

CLIMATE NORMAL PERIOD 1981 TO 2010
CLIMATE RECORD PERIOD 1883 TO 2018


WEATHER ITEM   OBSERVED TIME   RECORD YEAR NORMAL DEPARTURE LAST
                VALUE   (LST)  VALUE       VALUE  FROM      YEAR
                                                  NORMAL
..................................................................
TEMPERATURE (F)
 YESTERDAY
  MAXIMUM         88   1200 PM  98    1902  84      4       80
  MINIMUM         70   1159 PM  49    1979  64      6       50
                                      1925
  AVERAGE         79                        74      5       65

PRECIPITATION (IN)
  YESTERDAY        0.07          1.88 1982   0.15  -0.08     0.00
  MONTH TO DATE    2.34                      4.11  -1.77     6.42
  SINCE MAR 1     16.16                     14.44   1.72    16.86
  SINCE JAN 1     33.98                     22.26  11.72    23.16

SNOWFALL (IN)
  YESTERDAY        0.0          MM      MM   0.0    0.0      0.0
  MONTH TO DATE    0.0                       0.0    0.0      0.0
  SINCE MAR 1      T                         0.0    0.0      0.0
  SINCE JUL 1      4.1                       3.1    1.0      1.5
  SNOW DEPTH       0

DEGREE DAYS
 HEATING
  YESTERDAY        0                         0      0        0
  MONTH TO DATE    0                        15    -15       24
  SINCE MAR 1    486                       491     -5      323
  SINCE JUL 1   2900                      2879     21     2034

 COOLING
  YESTERDAY       14                         9      5        0
  MONTH TO DATE  291                       160    131      115
  SINCE MAR 1    331                       244     87      253
  SINCE JAN 1    347                       247    100      274
..................................................................


WIND (MPH)
  HIGHEST WIND SPEED    21   HIGHEST WIND DIRECTION     W (280)
  HIGHEST GUST SPEED    32   HIGHEST GUST DIRECTION     W (290)
  AVERAGE WIND SPEED     4.7


SKY COVER
  POSSIBLE SUNSHINE  MM
  AVERAGE SKY COVER 0.1


WEATHER CONDITIONS
 THE FOLLOWING WEATHER WAS RECORDED YESTERDAY.
  THUNDERSTORM
  RAIN
  LIGHT RAIN


RELATIVE HUMIDITY (PERCENT)
 HIGHEST    93           300 AM
 LOWEST     53          1200 PM
 AVERAGE    73

..........................................................


THE PINE BLUFF CLIMATE NORMALS FOR TODAY
                         NORMAL    RECORD    YEAR
 MAXIMUM TEMPERATURE (F)   84        96      1918
                                             1896
 MINIMUM TEMPERATURE (F)   64        48      1925


SUNRISE AND SUNSET
MAY 26 2018...........SUNRISE   559 AM CDT   SUNSET   811 PM CDT
MAY 27 2018...........SUNRISE   559 AM CDT   SUNSET   811 PM CDT


-  INDICATES NEGATIVE NUMBERS.
R  INDICATES RECORD WAS SET OR TIED.
MM INDICATES DATA IS MISSING.
T  INDICATES TRACE AMOUNT.




$$
