361
CDUS42 KMFL 260822
CLIPBI


CLIMATE REPORT
NATIONAL WEATHER SERVICE MIAMI, FL
422 AM EDT THU APR 26 2018


...................................

...THE WEST PALM BEACH CLIMATE SUMMARY FOR APRIL 25 2018...

CLIMATE NORMAL PERIOD 1981 TO 2010
CLIMATE RECORD PERIOD 1888 TO 2018


WEATHER ITEM   OBSERVED TIME   RECORD YEAR NORMAL DEPARTURE LAST
                VALUE   (LST)  VALUE       VALUE  FROM      YEAR
                                                  NORMAL
..................................................................
TEMPERATURE (F)
 YESTERDAY
  MAXIMUM         82    457 PM  97    1971  83     -1       82
  MINIMUM         63    615 AM  50    2005  67     -4       61
  AVERAGE         73                        75     -2       72

PRECIPITATION (IN)
  YESTERDAY        0.00          6.49 1979   0.11  -0.11     0.00
  MONTH TO DATE    6.37                      3.16   3.21     3.61
  SINCE NOV 1     15.21                     21.83  -6.62    13.14
  SINCE JAN 1     11.77                     13.70  -1.93     8.67

SNOWFALL (IN)
  YESTERDAY        0.0
  MONTH TO DATE    0.0
  SINCE MAR 1      0.0
  SINCE JUL 1      0.0
  SNOW DEPTH       0

DEGREE DAYS
 HEATING
  YESTERDAY        0                         0      0        0
  MONTH TO DATE    0                         0      0        0
  SINCE MAR 1     39                        24     15       16
  SINCE JUL 1    179                       229    -50       68

 COOLING
  YESTERDAY        8                        10     -2        7
  MONTH TO DATE  250                       213     37      268
  SINCE MAR 1    383                       406    -23      462
  SINCE JAN 1    789                       641    148      802
..................................................................


WIND (MPH)
  HIGHEST WIND SPEED    20   HIGHEST WIND DIRECTION    NW (300)
  HIGHEST GUST SPEED    24   HIGHEST GUST DIRECTION    NW (300)
  AVERAGE WIND SPEED     8.4


SKY COVER
  AVERAGE SKY COVER 0.4


WEATHER CONDITIONS
 THE FOLLOWING WEATHER WAS RECORDED YESTERDAY.
  NO SIGNIFICANT WEATHER WAS OBSERVED.


RELATIVE HUMIDITY (PERCENT)
 HIGHEST    93
 LOWEST     48
 AVERAGE    71

..........................................................


THE WEST PALM BEACH CLIMATE NORMALS FOR TODAY
                         NORMAL    RECORD    YEAR
 MAXIMUM TEMPERATURE (F)   83        96      2015
 MINIMUM TEMPERATURE (F)   67        51      1910


SUNRISE AND SUNSET
APRIL 26 2018.........SUNRISE   647 AM EDT   SUNSET   750 PM EDT
APRIL 27 2018.........SUNRISE   646 AM EDT   SUNSET   751 PM EDT


-  INDICATES NEGATIVE NUMBERS.
R  INDICATES RECORD WAS SET OR TIED.
MM INDICATES DATA IS MISSING.
T  INDICATES TRACE AMOUNT.




$$
