000
CDUS46 KPQR 241143
CLIPDX


CLIMATE REPORT
NATIONAL WEATHER SERVICE PORTLAND OREGON
442 AM PDT TUE APR 24 2018


...................................

...THE PORTLAND OR CLIMATE SUMMARY FOR APRIL 23 2018...

CLIMATE NORMAL PERIOD 1981 TO 2010
CLIMATE RECORD PERIOD 1940 TO 2018


WEATHER ITEM   OBSERVED TIME   RECORD YEAR NORMAL DEPARTURE LAST
                VALUE   (LST)  VALUE       VALUE  FROM      YEAR
                                                  NORMAL
..................................................................
TEMPERATURE (F)
 YESTERDAY
  MAXIMUM         74    344 PM  82    2012  63     11       56
  MINIMUM         42    543 AM  34    1954  44     -2       47
  AVERAGE         58                        53      5       52

PRECIPITATION (IN)
  YESTERDAY        0.00          0.71 1996   0.08  -0.08     0.27
  MONTH TO DATE    3.24                      2.17   1.07     2.98
  SINCE OCT 1     27.06                     28.51  -1.45    44.48
  SINCE JAN 1     12.96                     14.39  -1.43    24.73

SNOWFALL (IN)
  YESTERDAY        0.0           0.0  2016
  MONTH TO DATE    T
  SINCE MAR 1      T
  SINCE JUL 1      7.6

DEGREE DAYS
 HEATING
  YESTERDAY        7                        12     -5       13
  MONTH TO DATE  296                       307    -11      320
  SINCE MAR 1    842                       829     13      850
  SINCE JUL 1   3763                      3887   -124     4055

 COOLING
  YESTERDAY        0                         0      0        0
  MONTH TO DATE    0                         0      0        0
  SINCE MAR 1      0                         0      0        0
  SINCE JAN 1      0                         0      0        0
..................................................................


WIND (MPH)
  HIGHEST WIND SPEED    28   HIGHEST WIND DIRECTION     E (100)
  HIGHEST GUST SPEED    37   HIGHEST GUST DIRECTION     E (90)
  AVERAGE WIND SPEED    12.8


SKY COVER
  POSSIBLE SUNSHINE  MM
  AVERAGE SKY COVER 0.3


WEATHER CONDITIONS
 THE FOLLOWING WEATHER WAS RECORDED YESTERDAY.
  NO SIGNIFICANT WEATHER WAS OBSERVED.


RELATIVE HUMIDITY (PERCENT)
 HIGHEST    82           600 AM
 LOWEST     17           200 PM
 AVERAGE    50

..........................................................


THE PORTLAND OR CLIMATE NORMALS FOR TODAY
                         NORMAL    RECORD    YEAR
 MAXIMUM TEMPERATURE (F)   63        79      1999
                                             1946
 MINIMUM TEMPERATURE (F)   44        32      1950


SUNRISE AND SUNSET
APRIL 24 2018.........SUNRISE   609 AM PDT   SUNSET   809 PM PDT
APRIL 25 2018.........SUNRISE   608 AM PDT   SUNSET   810 PM PDT


-  INDICATES NEGATIVE NUMBERS.
R  INDICATES RECORD WAS SET OR TIED.
MM INDICATES DATA IS MISSING.
T  INDICATES TRACE AMOUNT.




$$
