688
CDUS43 KUNR 260831
CLIPHP


CLIMATE REPORT
NATIONAL WEATHER SERVICE RAPID CITY SD
231 AM MDT THU APR 26 2018


...................................

...THE PHILIP SD CLIMATE SUMMARY FOR APRIL 25 2018...

CLIMATE NORMAL PERIOD 1981 TO 2010
CLIMATE RECORD PERIOD 9999 TO 9999


WEATHER ITEM   OBSERVED TIME   NORMAL DEPARTURE LAST
                VALUE   (LST)  VALUE  FROM      YEAR
                                      NORMAL
......................................................
TEMPERATURE (F)
 YESTERDAY
  MAXIMUM         71    400 PM  64      7       39
  MINIMUM         28    515 AM  36     -8       30
  AVERAGE         50            50      0       35

PRECIPITATION (IN)
  YESTERDAY        0.00          0.08  -0.08     0.24
  MONTH TO DATE    0.91          1.39  -0.48     1.74
  SINCE MAR 1      2.63          2.66  -0.03     2.54
  SINCE JAN 1      4.06          3.44   0.62     3.61

DEGREE DAYS
 HEATING
  YESTERDAY       15            15      0       30
  MONTH TO DATE  713           491    222      394
  SINCE MAR 1   1732          1429    303     1207
  SINCE JUL 1   7272          6794    478     6267

 COOLING
  YESTERDAY        0             0      0        0
  MONTH TO DATE    0             0      0        0
  SINCE MAR 1      0             0      0        0
  SINCE JAN 1      0             0      0        0
......................................................


WIND (MPH)
  HIGHEST WIND SPEED    25   HIGHEST WIND DIRECTION     N (340)
  HIGHEST GUST SPEED    30   HIGHEST GUST DIRECTION     N (340)
  AVERAGE WIND SPEED    11.8


SKY COVER
  AVERAGE SKY COVER 0.0


WEATHER CONDITIONS
 THE FOLLOWING WEATHER WAS RECORDED YESTERDAY.
  NO SIGNIFICANT WEATHER WAS OBSERVED.


RELATIVE HUMIDITY (PERCENT)
 HIGHEST    92           100 AM
 LOWEST     15           400 PM
 AVERAGE    54

..........................................................




SUNRISE AND SUNSET
APRIL 26 2018.........SUNRISE   545 AM MDT   SUNSET   744 PM MDT
APRIL 27 2018.........SUNRISE   544 AM MDT   SUNSET   745 PM MDT


-  INDICATES NEGATIVE NUMBERS.
R  INDICATES RECORD WAS SET OR TIED.
MM INDICATES DATA IS MISSING.
T  INDICATES TRACE AMOUNT.




$$
