000
CDUS45 KPIH 240730
CLIPIH


CLIMATE REPORT
NATIONAL WEATHER SERVICE POCATELLO ID
130 AM MDT TUE APR 24 2018


...................................

...THE POCATELLO ID CLIMATE SUMMARY FOR APRIL 23 2018...

CLIMATE NORMAL PERIOD 1981 TO 2010
CLIMATE RECORD PERIOD 1939 TO 2018


WEATHER ITEM   OBSERVED TIME   RECORD YEAR NORMAL DEPARTURE LAST
                VALUE   (LST)  VALUE       VALUE  FROM      YEAR
                                                  NORMAL
..................................................................
TEMPERATURE (F)
 YESTERDAY
  MAXIMUM         55    321 PM  86    2012  61     -6       62
  MINIMUM         35   1138 PM  17    2013  34      1       40
  AVERAGE         45                        47     -2       51

PRECIPITATION (IN)
  YESTERDAY        0.05          0.55 1964   0.04   0.01     0.00
  MONTH TO DATE    0.86                      0.84   0.02     1.93
  SINCE OCT 1      6.89                      7.28  -0.39    15.38
  SINCE JAN 1      4.10                      4.06   0.04     8.82

SNOWFALL (IN)
  YESTERDAY        0.0
  MONTH TO DATE    T
  SINCE MAR 1      8.3
  SINCE JUL 1     30.5
  SNOW DEPTH       0

DEGREE DAYS
 HEATING
  YESTERDAY       20                        18      2       14
  MONTH TO DATE  408                       466    -58      452
  SINCE MAR 1   1219                      1305    -86     1120
  SINCE JUL 1   5927                      6578   -651     6369

 COOLING
  YESTERDAY        0                         0      0        0
  MONTH TO DATE    0                         0      0        0
  SINCE MAR 1      0                         0      0        0
  SINCE JAN 1      0                         0      0        0
..................................................................


WIND (MPH)
  HIGHEST WIND SPEED    31   HIGHEST WIND DIRECTION    SW (230)
  HIGHEST GUST SPEED    35   HIGHEST GUST DIRECTION    SW (230)
  AVERAGE WIND SPEED    13.8


SKY COVER
  POSSIBLE SUNSHINE  MM
  AVERAGE SKY COVER 0.4


WEATHER CONDITIONS
 THE FOLLOWING WEATHER WAS RECORDED YESTERDAY.
  LIGHT RAIN
  FOG


RELATIVE HUMIDITY (PERCENT)
 HIGHEST    92          1100 PM
 LOWEST     50          1100 AM
 AVERAGE    71

..........................................................


THE POCATELLO ID CLIMATE NORMALS FOR TODAY
                         NORMAL    RECORD    YEAR
 MAXIMUM TEMPERATURE (F)   61        85      1977
 MINIMUM TEMPERATURE (F)   34        18      1950


SUNRISE AND SUNSET
APRIL 24 2018.........SUNRISE   634 AM MDT   SUNSET   823 PM MDT
APRIL 25 2018.........SUNRISE   633 AM MDT   SUNSET   824 PM MDT


-  INDICATES NEGATIVE NUMBERS.
R  INDICATES RECORD WAS SET OR TIED.
MM INDICATES DATA IS MISSING.
T  INDICATES TRACE AMOUNT.




$$
