000
CDUS41 KPBZ 240701
CLIPIT

CLIMATE REPORT
NATIONAL WEATHER SERVICE PITTSBURGH PA
300 AM EDT TUE APR 24 2018

...................................

...THE PITTSBURGH PA CLIMATE SUMMARY FOR APRIL 23 2018...

CLIMATE NORMAL PERIOD 1981 TO 2010
CLIMATE RECORD PERIOD 1871 TO 2018

WEATHER ITEM   OBSERVED TIME   RECORD YEAR NORMAL DEPARTURE LAST
                VALUE   (LST)  VALUE       VALUE  FROM      YEAR
                                                  NORMAL
..................................................................
TEMPERATURE (F)
 YESTERDAY
  MAXIMUM         72    246 PM  89    1885  65      7       69
  MINIMUM         49    543 AM  26    1936  43      6       38
  AVERAGE         61                        54      7       54

PRECIPITATION (IN)
  YESTERDAY        T             1.25 1987   0.10  -0.10     0.00
  MONTH TO DATE    3.93                      2.39   1.54     2.33
  SINCE JUN 1     41.65                     33.52   8.13    33.74
  SINCE JAN 1     18.21                     10.43   7.78    12.35

SNOWFALL (IN)
  YESTERDAY        0.0           0.5  1956   0.0    0.0      0.0
  MONTH TO DATE    7.3                       1.4    5.9       T
  SINCE OCT 1     59.8                      41.8   18.0     32.0
  SINCE JUL 1     59.8                      41.8   18.0     32.0
  SNOW DEPTH       0

DEGREE DAYS
 HEATING
  YESTERDAY        4                        12     -8       11
  MONTH TO DATE  457                       355    102      223
  SINCE MAR 1   1383                      1143    240      996
  SINCE JUL 1   5391                      5400     -9     4422

 COOLING
  YESTERDAY        0                         0      0        0
  MONTH TO DATE   12                         0     12       12
  SINCE MAR 1     12                         1     11       14
  SINCE JAN 1     16                         1     15       15
..................................................................

WIND (MPH)
  HIGHEST WIND SPEED    22   HIGHEST WIND DIRECTION    SE (130)
  HIGHEST GUST SPEED    28   HIGHEST GUST DIRECTION    SE (130)
  AVERAGE WIND SPEED    11.4


SKY COVER
  POSSIBLE SUNSHINE  MM
  AVERAGE SKY COVER 0.7


WEATHER CONDITIONS
 THE FOLLOWING WEATHER WAS RECORDED YESTERDAY.
  LIGHT RAIN


RELATIVE HUMIDITY (PERCENT)
 HIGHEST    62          1100 PM
 LOWEST     25           300 PM
 AVERAGE    44

..........................................................


THE PITTSBURGH PA CLIMATE NORMALS FOR TODAY
                         NORMAL    RECORD    YEAR
 MAXIMUM TEMPERATURE (F)   65        90      1925
 MINIMUM TEMPERATURE (F)   43        26      1930


SUNRISE AND SUNSET
APRIL 24 2018.........SUNRISE   629 AM EDT   SUNSET   809 PM EDT
APRIL 25 2018.........SUNRISE   628 AM EDT   SUNSET   810 PM EDT


-  INDICATES NEGATIVE NUMBERS.
R  INDICATES RECORD WAS SET OR TIED.
MM INDICATES DATA IS MISSING.
T  INDICATES TRACE AMOUNT.

&&

&&

SNOW DEPTH IS MEASURED AT 8 AM EDT.

SNOW DEPTH IS MEASURED AT 7 AM EST OR 8 AM EDT.

$$
$$
