000
CDUS44 KMOB 202244
CLIPNS


CLIMATE REPORT
NATIONAL WEATHER SERVICE MOBILE AL
534 PM CDT FRI APR 20 2018


...................................

...THE PENSACOLA CLIMATE SUMMARY FOR APRIL 20 2018...
VALID TODAY AS OF 0500 PM LOCAL TIME.

CLIMATE NORMAL PERIOD 1981 TO 2010
CLIMATE RECORD PERIOD 1879 TO 2018


WEATHER ITEM   OBSERVED TIME   RECORD YEAR NORMAL DEPARTURE LAST
                VALUE   (LST)  VALUE       VALUE  FROM      YEAR
                                                  NORMAL
..................................................................
TEMPERATURE (F)
 TODAY
  MAXIMUM         74    229 PM  86    1987  77     -3       83
  MINIMUM         51    609 AM  43    1953  59     -8       68
  AVERAGE         63                        68     -5       76

PRECIPITATION (IN)
  TODAY            0.00          3.72 1912   0.15  -0.15     0.00
  MONTH TO DATE    3.31                      3.02   0.29     2.99
  SINCE MAR 1      5.33                      8.83  -3.50     5.35
  SINCE JAN 1     18.63                     18.52   0.11    20.70

DEGREE DAYS
 HEATING
  TODAY            2                         1      1        0
  MONTH TO DATE   46                        44      2        8
  SINCE MAR 1    170                       220    -50      100
  SINCE JUL 1   1193                      1528   -335      633

 COOLING
  TODAY            0                         4     -4       11
  MONTH TO DATE   52                        53     -1      119
  SINCE MAR 1    116                        86     30      247
  SINCE JAN 1    214                       100    114      357
..................................................................


WIND (MPH)
  HIGHEST WIND SPEED    14   HIGHEST WIND DIRECTION     N (20)
  HIGHEST GUST SPEED    21   HIGHEST GUST DIRECTION     N (10)
  AVERAGE WIND SPEED     7.8


SKY COVER
  POSSIBLE SUNSHINE  MM
  AVERAGE SKY COVER 0.0


WEATHER CONDITIONS
 THE FOLLOWING WEATHER WAS RECORDED TODAY.
  NO SIGNIFICANT WEATHER WAS OBSERVED.


RELATIVE HUMIDITY (PERCENT)
 HIGHEST    63           400 AM
 LOWEST     33           200 PM
 AVERAGE    48

..........................................................


THE PENSACOLA CLIMATE NORMALS FOR TOMORROW
                         NORMAL    RECORD    YEAR
 MAXIMUM TEMPERATURE (F)   77        89      1987
 MINIMUM TEMPERATURE (F)   59        43      1953


SUNRISE AND SUNSET
APRIL 20 2018.........SUNRISE   616 AM CDT   SUNSET   720 PM CDT
APRIL 21 2018.........SUNRISE   615 AM CDT   SUNSET   720 PM CDT


-  INDICATES NEGATIVE NUMBERS.
R  INDICATES RECORD WAS SET OR TIED.
MM INDICATES DATA IS MISSING.
T  INDICATES TRACE AMOUNT.




$$
