000
CDUS41 KALY 262047
CLIPOU


CLIMATE REPORT
NATIONAL WEATHER SERVICE ALBANY NY
447 PM EDT THU APR 26 2018


...................................

...THE POUGHKEEPSIE NY CLIMATE SUMMARY FOR APRIL 26 2018...
VALID TODAY AS OF 0400 PM LOCAL TIME.

CLIMATE NORMAL PERIOD 1981 TO 2010
CLIMATE RECORD PERIOD 1931 TO 2018


WEATHER ITEM   OBSERVED TIME   RECORD YEAR NORMAL DEPARTURE LAST
                VALUE   (LST)  VALUE       VALUE  FROM      YEAR
                                                  NORMAL
..................................................................
TEMPERATURE (F)
 TODAY
  MAXIMUM         65    339 PM  90    2009  65      0       61
                                      1990
  MINIMUM         54    624 AM  26    1963  40     14       50
  AVERAGE         60                        53      7       56

PRECIPITATION (IN)
  TODAY            0.00          1.18 1982   0.12  -0.12     0.02
  MONTH TO DATE    2.63                      3.25  -0.62     2.37
  SINCE MAR 1      4.86                      6.82  -1.96     7.68
  SINCE JAN 1     12.22                     12.56  -0.34    12.55

DEGREE DAYS
 HEATING
  TODAY            5                        13     -8        9
  MONTH TO DATE  575                       446    129      354
  SINCE MAR 1   1423                      1320    103     1349
  SINCE JUL 1   5735                      5891   -156     5391

 COOLING
  TODAY            0                         0      0        0
  MONTH TO DATE    0                         0      0        4
  SINCE MAR 1      0                         0      0        4
  SINCE JAN 1      0                         0      0        4
..................................................................


WIND (MPH)
  HIGHEST WIND SPEED    20   HIGHEST WIND DIRECTION     W (290)
  HIGHEST GUST SPEED    28   HIGHEST GUST DIRECTION     W (260)
  AVERAGE WIND SPEED     7.6


SKY COVER
  AVERAGE SKY COVER 0.8



RELATIVE HUMIDITY (PERCENT)
 HIGHEST   100          1200 AM
 LOWEST     40           300 PM
 AVERAGE    70

..........................................................


THE POUGHKEEPSIE NY CLIMATE NORMALS FOR TOMORROW
                         NORMAL    RECORD    YEAR
 MAXIMUM TEMPERATURE (F)   66        91      1990
 MINIMUM TEMPERATURE (F)   40        25      2002


SUNRISE AND SUNSET
APRIL 26 2018.........SUNRISE   559 AM EDT   SUNSET   748 PM EDT
APRIL 27 2018.........SUNRISE   558 AM EDT   SUNSET   749 PM EDT


-  INDICATES NEGATIVE NUMBERS.
R  INDICATES RECORD WAS SET OR TIED.
MM INDICATES DATA IS MISSING.
T  INDICATES TRACE AMOUNT.




$$
