794
CDUS45 KFGZ 210739
CLIPRC


CLIMATE REPORT
NATIONAL WEATHER SERVICE FLAGSTAFF, AZ
1239 AM MST SAT APR 21 2018


...................................

...THE PRESCOTT AZ AIRPORT CLIMATE SUMMARY FOR APRIL 20 2018...

CLIMATE NORMAL PERIOD 1981 TO 2010
CLIMATE RECORD PERIOD 1948 TO 2018


WEATHER ITEM   OBSERVED TIME   RECORD YEAR NORMAL DEPARTURE LAST
                VALUE   (LST)  VALUE       VALUE  FROM      YEAR
                                                  NORMAL
..................................................................
TEMPERATURE (F)
 YESTERDAY
  MAXIMUM         64    459 PM  85    1950  68     -4       75
  MINIMUM         37    615 AM  22    1966  39     -2       42
  AVERAGE         51                        54     -3

PRECIPITATION (IN)
  YESTERDAY        0.00          0.17 1952   0.01  -0.01     0.00
  MONTH TO DATE    0.00                      0.37  -0.37     0.11
  SINCE SEP 1      1.97                      8.26  -6.29    11.00
  SINCE JAN 1      1.44                      3.95  -2.51     4.25

DEGREE DAYS
 HEATING
  YESTERDAY       14                                3
  MONTH TO DATE  165                             -109
  SINCE JUL 1   3180                             -841

 COOLING
  YESTERDAY        0                                0
  MONTH TO DATE    2                                2
  SINCE JAN 1      2                                2
..................................................................


WIND (MPH)
  HIGHEST WIND SPEED    29   HIGHEST WIND DIRECTION    NW (320)
  HIGHEST GUST SPEED    36   HIGHEST GUST DIRECTION    NW (310)
  AVERAGE WIND SPEED    10.8


SKY COVER
  AVERAGE SKY COVER 0.3


WEATHER CONDITIONS
 THE FOLLOWING WEATHER WAS RECORDED YESTERDAY.
  NO SIGNIFICANT WEATHER WAS OBSERVED.


RELATIVE HUMIDITY (PERCENT)
 HIGHEST    59
 LOWEST     23

..........................................................


THE PRESCOTT AZ AIRPORT CLIMATE NORMALS FOR TODAY
                         NORMAL    RECORD    YEAR
 MAXIMUM TEMPERATURE (F)   69        86      2012
 MINIMUM TEMPERATURE (F)   39        23      1982


SUNRISE AND SUNSET
APRIL 21 2018.........SUNRISE   551 AM MST   SUNSET   707 PM MST
APRIL 22 2018.........SUNRISE   549 AM MST   SUNSET   707 PM MST


-  INDICATES NEGATIVE NUMBERS.
R  INDICATES RECORD WAS SET OR TIED.
MM INDICATES DATA IS MISSING.
T  INDICATES TRACE AMOUNT.




$$
