000
CDUS45 KPUB 241036
CLIPUB


CLIMATE REPORT
NATIONAL WEATHER SERVICE PUEBLO
436 AM MDT TUE APR 24 2018


...................................

...THE PUEBLO CO CLIMATE SUMMARY FOR APRIL 23 2018...

CLIMATE NORMAL PERIOD 1981 TO 2010
CLIMATE RECORD PERIOD 1888 TO 2018


WEATHER ITEM   OBSERVED TIME   RECORD YEAR NORMAL DEPARTURE LAST
                VALUE   (LST)  VALUE       VALUE  FROM      YEAR
                                                  NORMAL
..................................................................
TEMPERATURE (F)
 YESTERDAY
  MAXIMUM         76    453 PM  90    1989  70      6       78
  MINIMUM         36    535 AM  20    2013  36      0       34
  AVERAGE         56                        53      3       56

PRECIPITATION (IN)
  YESTERDAY        0.00          1.63 1905   0.06  -0.06     0.00
  MONTH TO DATE    0.37                      1.02  -0.65     2.34
  SINCE MAR 1      0.43                      1.95  -1.52     3.29
  SINCE JAN 1      1.24                      2.60  -1.36     4.21

SNOWFALL (IN)
  YESTERDAY        0.0           1.6  2013   0.1   -0.1      0.0
  MONTH TO DATE    T                         3.2   -3.2      5.6
  SINCE MAR 1      T                         8.9   -8.9      5.6
  SINCE JUL 1     13.7                      30.7  -17.0     19.8
  SNOW DEPTH       0

DEGREE DAYS
 HEATING
  YESTERDAY        9                        12     -3        9
  MONTH TO DATE  345                       359    -14      251
  SINCE MAR 1    943                      1061   -118      727
  SINCE JUL 1   4759                      5364   -605     4227

 COOLING
  YESTERDAY        0                         0      0        0
  MONTH TO DATE    0                         0      0        0
  SINCE MAR 1      0                         0      0        0
  SINCE JAN 1      0                         0      0        0
..................................................................


WIND (MPH)
  HIGHEST WIND SPEED    43   HIGHEST WIND DIRECTION     N (20)
  HIGHEST GUST SPEED    58   HIGHEST GUST DIRECTION     N (20)
  AVERAGE WIND SPEED     8.4


SKY COVER
  POSSIBLE SUNSHINE  MM
  AVERAGE SKY COVER 0.0


WEATHER CONDITIONS
 THE FOLLOWING WEATHER WAS RECORDED YESTERDAY.
  NO SIGNIFICANT WEATHER WAS OBSERVED.


RELATIVE HUMIDITY (PERCENT)
 HIGHEST    85           500 AM
 LOWEST     23           400 PM
 AVERAGE    54

..........................................................


THE PUEBLO CO CLIMATE NORMALS FOR TODAY
                         NORMAL    RECORD    YEAR
 MAXIMUM TEMPERATURE (F)   70        92      2012
 MINIMUM TEMPERATURE (F)   37        19      2013


SUNRISE AND SUNSET
APRIL 24 2018.........SUNRISE   610 AM MDT   SUNSET   743 PM MDT
APRIL 25 2018.........SUNRISE   609 AM MDT   SUNSET   744 PM MDT


-  INDICATES NEGATIVE NUMBERS.
R  INDICATES RECORD WAS SET OR TIED.
MM INDICATES DATA IS MISSING.
T  INDICATES TRACE AMOUNT.




$$
