000
CDUS43 KLOT 260633
CLIPWK


CLIMATE REPORT
NATIONAL WEATHER SERVICE CHICAGO IL
132 AM CDT THU APR 26 2018


...................................

...THE CHICAGO EXECUTIVE CLIMATE SUMMARY FOR APRIL 25 2018...

CLIMATE NORMAL PERIOD 1981 TO 2010
CLIMATE RECORD PERIOD 1996 TO 2018


WEATHER ITEM   OBSERVED TIME   RECORD YEAR NORMAL DEPARTURE LAST
                VALUE   (LST)  VALUE       VALUE  FROM      YEAR
                                                  NORMAL
..................................................................
TEMPERATURE (F)
 YESTERDAY
  MAXIMUM         52   1015 AM  83    2016  62    -10       76
  MINIMUM         36   1040 PM  33    1999  41     -5       49
  AVERAGE         44                        51     -7       63

PRECIPITATION (IN)
  YESTERDAY        0.00          0.65 2007   0.11  -0.11     0.00
  MONTH TO DATE    2.57                      2.20   0.37     3.35
  SINCE MAR 1      3.81                      4.45  -0.64     6.56
  SINCE JAN 1      6.97                      7.03  -0.06    10.01

DEGREE DAYS
 HEATING
  YESTERDAY       21                        14      7        2
  MONTH TO DATE  639                       456    183      320
  SINCE MAR 1   1531                      1309    222     1162
  SINCE JUL 1   5993                      6047    -54     5151

 COOLING
  YESTERDAY        0                         0      0        0
  MONTH TO DATE    0                         0      0        6
  SINCE MAR 1      0                         0      0        6
  SINCE JAN 1      0                         0      0        6
..................................................................


WIND (MPH)
  RESULTANT WIND SPEED  11   RESULTANT WIND DIRECTION  NE (30)
  HIGHEST WIND SPEED    25   HIGHEST WIND DIRECTION     N (20)
  HIGHEST GUST SPEED    37   HIGHEST GUST DIRECTION     N (10)
  AVERAGE WIND SPEED    11.3



WEATHER CONDITIONS
 THE FOLLOWING WEATHER WAS RECORDED YESTERDAY.
  NO SIGNIFICANT WEATHER WAS OBSERVED.


..........................................................


THE CHICAGO EXECUTIVE CLIMATE NORMALS FOR TODAY
                         NORMAL    RECORD    YEAR
 MAXIMUM TEMPERATURE (F)   62        78      2009
 MINIMUM TEMPERATURE (F)   41        29      2006


SUNRISE AND SUNSET
APRIL 26 2018.........SUNRISE   554 AM CDT   SUNSET   745 PM CDT
APRIL 27 2018.........SUNRISE   553 AM CDT   SUNSET   746 PM CDT


-  INDICATES NEGATIVE NUMBERS.
R  INDICATES RECORD WAS SET OR TIED.
MM INDICATES DATA IS MISSING.
T  INDICATES TRACE AMOUNT.




$$
