926
CDUS41 KGYX 232050
CLIPWM


CLIMATE REPORT
NATIONAL WEATHER SERVICE GRAY ME
450 PM EDT WED MAY 23 2018


...................................

...THE PORTLAND ME CLIMATE SUMMARY FOR MAY 23 2018...
VALID TODAY AS OF 0400 PM LOCAL TIME.

CLIMATE NORMAL PERIOD 1981 TO 2010
CLIMATE RECORD PERIOD 1941 TO 2018


WEATHER ITEM   OBSERVED TIME   RECORD YEAR NORMAL DEPARTURE LAST
                VALUE   (LST)  VALUE       VALUE  FROM      YEAR
                                                  NORMAL
..................................................................
TEMPERATURE (F)
 TODAY
  MAXIMUM         77   1220 PM  87    1992  66     11       67
  MINIMUM         53    431 AM  34    1963  46      7       50
  AVERAGE         65                        56      9       59

PRECIPITATION (IN)
  TODAY            T             0.89 1974   0.13  -0.13      T
  MONTH TO DATE    0.75                      2.97  -2.22     2.63
  SINCE MAR 1      9.78                     11.53  -1.75    12.53
  SINCE JAN 1     17.41                     18.16  -0.75    20.73

SNOWFALL (IN)
  TODAY            0.0           0.0  2002   0.0    0.0      0.0
                                      2001
                                      2000
  MONTH TO DATE    0.0                       0.1   -0.1      0.0
  SINCE MAR 1     33.7                      15.6   18.1     29.1
  SINCE JUL 1     91.9                      62.0   29.9     95.3
  SNOW DEPTH       0

DEGREE DAYS
 HEATING
  TODAY            0                         9     -9        6
  MONTH TO DATE  209                       288    -79      290
  SINCE MAR 1   1855                      1894    -39     1948
  SINCE JUL 1   6559                      6936   -377     6426

 COOLING
  TODAY            0                         0      0        0
  MONTH TO DATE    5                         0      5       15
  SINCE MAR 1      5                         0      5       17
  SINCE JAN 1      5                         0      5       17
..................................................................


WIND (MPH)
  HIGHEST WIND SPEED    21   HIGHEST WIND DIRECTION     S (160)
  HIGHEST GUST SPEED    26   HIGHEST GUST DIRECTION     S (160)
  AVERAGE WIND SPEED     8.2


SKY COVER
  POSSIBLE SUNSHINE  MM
  AVERAGE SKY COVER 0.6


WEATHER CONDITIONS
 THE FOLLOWING WEATHER WAS RECORDED TODAY.
  NO SIGNIFICANT WEATHER WAS OBSERVED.


RELATIVE HUMIDITY (PERCENT)
 HIGHEST    93           400 AM
 LOWEST     50          1200 PM
 AVERAGE    72

..........................................................


THE PORTLAND ME CLIMATE NORMALS FOR TOMORROW
                         NORMAL    RECORD    YEAR
 MAXIMUM TEMPERATURE (F)   66        91      1991
 MINIMUM TEMPERATURE (F)   47        30      1963


SUNRISE AND SUNSET
MAY 23 2018...........SUNRISE   509 AM EDT   SUNSET   808 PM EDT
MAY 24 2018...........SUNRISE   508 AM EDT   SUNSET   809 PM EDT


-  INDICATES NEGATIVE NUMBERS.
R  INDICATES RECORD WAS SET OR TIED.
MM INDICATES DATA IS MISSING.
T  INDICATES TRACE AMOUNT.




$$
