000
CDUS43 KUNR 240833
CLIRAP


CLIMATE REPORT
NATIONAL WEATHER SERVICE RAPID CITY SD
231 AM MDT TUE APR 24 2018


...................................

...THE RAPID CITY AIRPORT SD CLIMATE SUMMARY FOR APRIL 23 2018...

CLIMATE NORMAL PERIOD 1981 TO 2010
CLIMATE RECORD PERIOD 1942 TO 2018


WEATHER ITEM   OBSERVED TIME   RECORD YEAR NORMAL DEPARTURE LAST
                VALUE   (LST)  VALUE       VALUE  FROM      YEAR
                                                  NORMAL
..................................................................
TEMPERATURE (F)
 YESTERDAY
  MAXIMUM         66    349 PM  85    2012  61      5       71
                                      2009
  MINIMUM         36   1159 PM  12    2013  34      2       40
  AVERAGE         51                        48      3       56

PRECIPITATION (IN)
  YESTERDAY        0.09          1.09 2010   0.07   0.02      T
  MONTH TO DATE    1.45                      1.22   0.23     1.44
  SINCE MAR 1      2.80                      2.15   0.65     1.97
  SINCE JAN 1      3.76                      2.89   0.87     2.78

SNOWFALL (IN)
  YESTERDAY        0.0           3.5  1958   0.3   -0.3      0.0
  MONTH TO DATE   17.1                       6.6   10.5      2.5
  SINCE MAR 1     30.3                      15.3   15.0      3.0
  SINCE JUL 1     60.1                      38.7   21.4     33.5
  SNOW DEPTH       0

DEGREE DAYS
 HEATING
  YESTERDAY       14                        18     -4        9
  MONTH TO DATE  684                       488    196      397
  SINCE MAR 1   1687                      1406    281     1186
  SINCE JUL 1   7207                      6616    591     6242

 COOLING
  YESTERDAY        0                         0      0        0
  MONTH TO DATE    0                         0      0        0
  SINCE MAR 1      0                         0      0        0
  SINCE JAN 1      0                         0      0        0
..................................................................


WIND (MPH)
  HIGHEST WIND SPEED    43   HIGHEST WIND DIRECTION    NW (330)
  HIGHEST GUST SPEED    54   HIGHEST GUST DIRECTION    NW (320)
  AVERAGE WIND SPEED    15.3


SKY COVER
  AVERAGE SKY COVER 0.4


WEATHER CONDITIONS
 THE FOLLOWING WEATHER WAS RECORDED YESTERDAY.
  HEAVY RAIN
  RAIN
  LIGHT RAIN
  FOG


RELATIVE HUMIDITY (PERCENT)
 HIGHEST    92           400 AM
 LOWEST     40          1200 PM
 AVERAGE    66

..........................................................


THE RAPID CITY AIRPORT SD CLIMATE NORMALS FOR TODAY
                         NORMAL    RECORD    YEAR
 MAXIMUM TEMPERATURE (F)   61        89      1962
 MINIMUM TEMPERATURE (F)   35        22      2013


SUNRISE AND SUNSET
APRIL 24 2018.........SUNRISE   554 AM MDT   SUNSET   747 PM MDT
APRIL 25 2018.........SUNRISE   553 AM MDT   SUNSET   749 PM MDT


-  INDICATES NEGATIVE NUMBERS.
R  INDICATES RECORD WAS SET OR TIED.
MM INDICATES DATA IS MISSING.
T  INDICATES TRACE AMOUNT.




$$
