000
CDUS43 KGRB 271255
CLIRHI


CLIMATE REPORT
NATIONAL WEATHER SERVICE GREEN BAY
753 AM CDT SUN MAY 27 2018


...................................

...THE RHINELANDER WI CLIMATE SUMMARY FOR MAY 26 2018...

CLIMATE NORMAL PERIOD 1981 TO 2010
CLIMATE RECORD PERIOD 1908 TO 2018


WEATHER ITEM   OBSERVED TIME   RECORD YEAR NORMAL DEPARTURE LAST
                VALUE   (LST)  VALUE       VALUE  FROM      YEAR
                                                  NORMAL
..................................................................
TEMPERATURE (F)
 YESTERDAY
  MAXIMUM         94R   322 PM  94    2018  68     26       70
  MINIMUM         57    345 AM  27    1925  44     13       54
  AVERAGE         76                        56     20       62

PRECIPITATION (IN)
  YESTERDAY        0.00          1.90 1991   0.11  -0.11     0.04
  MONTH TO DATE    0.78                      2.88  -2.10     5.48
  SINCE MAR 1      5.21                      7.03  -1.82    13.62
  SINCE JAN 1      7.50                      9.07  -1.57    16.98

SNOWFALL (IN)
  YESTERDAY        0.0           0.0    MM  MM     MM        0.0
  MONTH TO DATE    0.0                      MM     MM        0.0
  SINCE MAR 1     44.3                      MM     MM       14.3
  SINCE JUL 1     99.9                      MM     MM       65.8
  SNOW DEPTH       0

DEGREE DAYS
 HEATING
  YESTERDAY        0                        10    -10        3
  MONTH TO DATE  149                       343   -194      357
  SINCE MAR 1   2383                      2221    162     2125
  SINCE JUL 1   8958                      8843    115     7636

 COOLING
  YESTERDAY       11                         1     10        0
  MONTH TO DATE   38                         4     34        1
  SINCE MAR 1     38                         5     33        1
  SINCE JAN 1     38                         5     33        1
..................................................................


WIND (MPH)
  HIGHEST WIND SPEED    20   HIGHEST WIND DIRECTION     W (270)
  HIGHEST GUST SPEED    29   HIGHEST GUST DIRECTION     W (260)
  AVERAGE WIND SPEED     6.7


SKY COVER
  POSSIBLE SUNSHINE  MM
  AVERAGE SKY COVER 0.2


WEATHER CONDITIONS
 THE FOLLOWING WEATHER WAS RECORDED YESTERDAY.
  FOG
  FOG W/VISIBILITY <= 1/4 MILE


RELATIVE HUMIDITY (PERCENT)
 HIGHEST    97           200 AM
 LOWEST     24           400 PM
 AVERAGE    61

..........................................................


THE RHINELANDER WI CLIMATE NORMALS FOR TODAY
                         NORMAL    RECORD    YEAR
 MAXIMUM TEMPERATURE (F)   68        90      1919
 MINIMUM TEMPERATURE (F)   44        26      2011


SUNRISE AND SUNSET
MAY 27 2018...........SUNRISE   515 AM CDT   SUNSET   835 PM CDT
MAY 28 2018...........SUNRISE   515 AM CDT   SUNSET   836 PM CDT


-  INDICATES NEGATIVE NUMBERS.
R  INDICATES RECORD WAS SET OR TIED.
MM INDICATES DATA IS MISSING.
T  INDICATES TRACE AMOUNT.




$$
